{"id":898,"date":"2019-06-25T17:16:50","date_gmt":"2019-06-25T20:16:50","guid":{"rendered":"https:\/\/www.leondenis.org.br\/?page_id=898"},"modified":"2019-06-28T00:52:45","modified_gmt":"2019-06-28T03:52:45","slug":"educandos-e-educadores","status":"publish","type":"page","link":"https:\/\/www.leondenis.org.br\/index.php\/educandos-e-educadores\/","title":{"rendered":"Educandos e Educadores"},"content":{"rendered":"<p style=\"text-align: left;\" align=\"justify\"><strong>Autora: Gl\u00e1ucia Sued G. S. Teixeira<\/strong><\/p>\n<p align=\"justify\"><span style=\"font-family: Arial, serif;\"><span style=\"font-size: medium;\"><span lang=\"pt-BR\">&#8220;N\u00e3o h\u00e1 saber mais ou saber menos: h\u00e1 saberes diferentes.&#8221; Paulo Freire<\/span><\/span><\/span><span style=\"font-family: Arial, serif;\"><span style=\"font-size: medium;\"><span lang=\"pt-BR\">.<\/span><\/span><\/span><\/p>\n<p align=\"justify\"><span style=\"font-family: Arial, serif;\"><span style=\"font-size: medium;\"><span lang=\"pt-BR\">H\u00e1 uma quest\u00e3o que permeia a sociedade, desde os per\u00edodos pr\u00e9-hist\u00f3ricos at\u00e9 os dias hodiernos. Ainda hoje \u00e9 pertinente nos questionarmos: Quem educa quem? Em que m\u00e3os est\u00e3o o mister de educar (do latim <i>Educare<\/i> &#8211; Ex fora, exterior; ducere guiar, instruir, conduzir), guiar, instruir ou conduzir o outro?<\/span><\/span><\/span><!--more--><\/p>\n<p align=\"justify\"><span style=\"font-family: Arial, serif;\"><span style=\"font-size: medium;\"><span lang=\"pt-BR\">Alguns estudiosos defendem que esta tarefa deve ser atribu\u00edda aos profissionais da educa\u00e7\u00e3o, intelectuais licenciados e pessoas capacitadas e habilitadas para tal.<\/span><\/span><\/span><\/p>\n<p align=\"justify\"><span style=\"font-family: Arial, serif;\"><span style=\"font-size: medium;\"><span lang=\"pt-BR\">Diante disto, h\u00e1 de se pensar que tipo de educa\u00e7\u00e3o queremos? De que tipo de educa\u00e7\u00e3o falamos: instrutiva, informativa, emocional, afetiva, espiritual?<\/span><\/span><\/span><span style=\"font-family: Arial, serif;\"><span style=\"font-size: medium;\"><span lang=\"pt-BR\">\u00a0Quem as det\u00e9m?<\/span><\/span><\/span><\/p>\n<p align=\"justify\"><span style=\"font-family: Arial, serif;\"><span style=\"font-size: medium;\"><span lang=\"pt-BR\">&#8220;Quem instrui, oferece meios para que a mente alargue a compreens\u00e3o das coisas e entenda a vida. Quem educa, cria os valores \u00e9tico-culturais para uma viv\u00eancia nobre e ditosa. Quem evangeliza, liberta para a vida feliz&#8221;. (Am\u00e9lia Rodrigues)<\/span><\/span><\/span><\/p>\n<p align=\"justify\"><span style=\"font-family: Arial, serif;\"><span style=\"font-size: medium;\"><span lang=\"pt-BR\">Assim sendo, o Educador Paulo Freire, expertise no assunto, foi s\u00e1bio em afirmar: &#8220;ningu\u00e9m educa ningu\u00e9m, ningu\u00e9m educa a si mesmo, os homens se educam entre si, mediatizados pelo mundo&#8221;.<\/span><\/span><\/span><\/p>\n<p align=\"justify\"><span style=\"font-family: Arial, serif;\"><span style=\"font-size: medium;\"><span lang=\"pt-BR\">A educa\u00e7\u00e3o, no seu sentido integral, na verdade, \u00e9 uma troca de saberes, dizeres e emo\u00e7\u00f5es.<\/span><\/span><\/span><\/p>\n<p align=\"justify\"><span style=\"font-family: Arial, serif;\"><span style=\"font-size: medium;\"><span lang=\"pt-BR\">Todo ser vivente na Terra, animado ou inanimado, de todos os reinos, tem algo a nos ensinar.<\/span><\/span><\/span><\/p>\n<p align=\"justify\"><span style=\"font-family: Arial, serif;\"><span style=\"font-size: medium;\"><span lang=\"pt-BR\">O ser humano, dotado de raz\u00e3o e intelig\u00eancia que ocupa o topo da cadeia evolutiva, deve assumir o papel de educador, no sentido daquele que cria possibilidades, prop\u00f5e caminhos para produ\u00e7\u00e3o e constru\u00e7\u00e3o do conhecimento, numa interlocu\u00e7\u00e3o de ideias com o educando, no chamado processo ensino-aprendizagem.<\/span><\/span><\/span><\/p>\n<p align=\"justify\"><span style=\"font-family: Arial, serif;\"><span style=\"font-size: medium;\"><span lang=\"pt-BR\">Este, portanto, \u00e9 o caminho para o conhecimento e o conhecimento enquanto caminho. <\/span><\/span><\/span><\/p>\n","protected":false},"excerpt":{"rendered":"<p>Autora: Gl\u00e1ucia Sued G. S. Teixeira &#8220;N\u00e3o h\u00e1 saber mais ou saber menos: h\u00e1 saberes diferentes.&#8221; Paulo Freire. H\u00e1 uma quest\u00e3o que permeia a sociedade, desde os per\u00edodos pr\u00e9-hist\u00f3ricos at\u00e9 os dias hodiernos. Ainda hoje \u00e9 pertinente nos questionarmos: Quem educa quem? Em que m\u00e3os est\u00e3o o mister de educar (do latim Educare &#8211; Ex <a class=\"more-link\" href=\"https:\/\/www.leondenis.org.br\/index.php\/educandos-e-educadores\/\">Leia mais&#8230; &raquo;<\/a><\/p>\n","protected":false},"author":1,"featured_media":0,"parent":0,"menu_order":0,"comment_status":"closed","ping_status":"closed","template":"","meta":{"footnotes":""},"class_list":["post-898","page","type-page","status-publish","hentry"],"_links":{"self":[{"href":"https:\/\/www.leondenis.org.br\/index.php\/wp-json\/wp\/v2\/pages\/898","targetHints":{"allow":["GET"]}}],"collection":[{"href":"https:\/\/www.leondenis.org.br\/index.php\/wp-json\/wp\/v2\/pages"}],"about":[{"href":"https:\/\/www.leondenis.org.br\/index.php\/wp-json\/wp\/v2\/types\/page"}],"author":[{"embeddable":true,"href":"https:\/\/www.leondenis.org.br\/index.php\/wp-json\/wp\/v2\/users\/1"}],"replies":[{"embeddable":true,"href":"https:\/\/www.leondenis.org.br\/index.php\/wp-json\/wp\/v2\/comments?post=898"}],"version-history":[{"count":8,"href":"https:\/\/www.leondenis.org.br\/index.php\/wp-json\/wp\/v2\/pages\/898\/revisions"}],"predecessor-version":[{"id":915,"href":"https:\/\/www.leondenis.org.br\/index.php\/wp-json\/wp\/v2\/pages\/898\/revisions\/915"}],"wp:attachment":[{"href":"https:\/\/www.leondenis.org.br\/index.php\/wp-json\/wp\/v2\/media?parent=898"}],"curies":[{"name":"wp","href":"https:\/\/api.w.org\/{rel}","templated":true}]}}

<p style="text-align: left;" align="justify"><strong>Autora: Gláucia Sued G. S. Teixeira</strong></p>
<p align="justify"><span style="font-family: Arial, serif;"><span style="font-size: medium;"><span lang="pt-BR">&#8220;Não há saber mais ou saber menos: há saberes diferentes.&#8221; Paulo Freire</span></span></span><span style="font-family: Arial, serif;"><span style="font-size: medium;"><span lang="pt-BR">.</span></span></span></p>
<p align="justify"><span style="font-family: Arial, serif;"><span style="font-size: medium;"><span lang="pt-BR">Há uma questão que permeia a sociedade, desde os períodos pré-históricos até os dias hodiernos. Ainda hoje é pertinente nos questionarmos: Quem educa quem? Em que mãos estão o mister de educar (do latim <i>Educare</i> &#8211; Ex fora, exterior; ducere guiar, instruir, conduzir), guiar, instruir ou conduzir o outro?</span></span></span><!--more--></p>
<p align="justify"><span style="font-family: Arial, serif;"><span style="font-size: medium;"><span lang="pt-BR">Alguns estudiosos defendem que esta tarefa deve ser atribuída aos profissionais da educação, intelectuais licenciados e pessoas capacitadas e habilitadas para tal.</span></span></span></p>
<p align="justify"><span style="font-family: Arial, serif;"><span style="font-size: medium;"><span lang="pt-BR">Diante disto, há de se pensar que tipo de educação queremos? De que tipo de educação falamos: instrutiva, informativa, emocional, afetiva, espiritual?</span></span></span><span style="font-family: Arial, serif;"><span style="font-size: medium;"><span lang="pt-BR"> Quem as detém?</span></span></span></p>
<p align="justify"><span style="font-family: Arial, serif;"><span style="font-size: medium;"><span lang="pt-BR">&#8220;Quem instrui, oferece meios para que a mente alargue a compreensão das coisas e entenda a vida. Quem educa, cria os valores ético-culturais para uma vivência nobre e ditosa. Quem evangeliza, liberta para a vida feliz&#8221;. (Amélia Rodrigues)</span></span></span></p>
<p align="justify"><span style="font-family: Arial, serif;"><span style="font-size: medium;"><span lang="pt-BR">Assim sendo, o Educador Paulo Freire, expertise no assunto, foi sábio em afirmar: &#8220;ninguém educa ninguém, ninguém educa a si mesmo, os homens se educam entre si, mediatizados pelo mundo&#8221;.</span></span></span></p>
<p align="justify"><span style="font-family: Arial, serif;"><span style="font-size: medium;"><span lang="pt-BR">A educação, no seu sentido integral, na verdade, é uma troca de saberes, dizeres e emoções.</span></span></span></p>
<p align="justify"><span style="font-family: Arial, serif;"><span style="font-size: medium;"><span lang="pt-BR">Todo ser vivente na Terra, animado ou inanimado, de todos os reinos, tem algo a nos ensinar.</span></span></span></p>
<p align="justify"><span style="font-family: Arial, serif;"><span style="font-size: medium;"><span lang="pt-BR">O ser humano, dotado de razão e inteligência que ocupa o topo da cadeia evolutiva, deve assumir o papel de educador, no sentido daquele que cria possibilidades, propõe caminhos para produção e construção do conhecimento, numa interlocução de ideias com o educando, no chamado processo ensino-aprendizagem.</span></span></span></p>
<p align="justify"><span style="font-family: Arial, serif;"><span style="font-size: medium;"><span lang="pt-BR">Este, portanto, é o caminho para o conhecimento e o conhecimento enquanto caminho. </span></span></span></p>

<p>Autora: Gláucia Sued G. S. Teixeira &#8220;Não há saber mais ou saber menos: há saberes diferentes.&#8221; Paulo Freire. Há uma questão que permeia a sociedade, desde os períodos pré-históricos até os dias hodiernos. Ainda hoje é pertinente nos questionarmos: Quem educa quem? Em que mãos estão o mister de educar (do latim Educare &#8211; Ex <a class="more-link" href="https://www.leondenis.org.br/index.php/educandos-e-educadores/">Leia mais&#8230; &raquo;</a></p>
