{"id":872,"date":"2019-06-23T19:59:45","date_gmt":"2019-06-23T22:59:45","guid":{"rendered":"https:\/\/www.leondenis.org.br\/?page_id=872"},"modified":"2019-06-23T20:04:54","modified_gmt":"2019-06-23T23:04:54","slug":"projetos-2","status":"publish","type":"page","link":"https:\/\/www.leondenis.org.br\/index.php\/projetos-2\/","title":{"rendered":"Projetos"},"content":{"rendered":"<p>A CELD desenvolve v\u00e1rios projetos humanit\u00e1rios.<\/p>\n<p><strong>Seja um volunt\u00e1rio!<\/strong><\/p>\n<hr \/>\n<h3>Conhe\u00e7a nossos Projetos:<\/h3>\n<ul>\n<li><a href=\"https:\/\/www.leondenis.org.br\/index.php\/projeto-embriao-de-luz\/\">Projeto &#8220;Embri\u00e3o de Luz&#8221;<\/a><\/li>\n<\/ul>\n<p><a href=\"https:\/\/www.leondenis.org.br\/index.php\/projeto-embriao-de-luz\/\"><img loading=\"lazy\" decoding=\"async\" class=\" wp-image-428 alignleft\" src=\"https:\/\/www.leondenis.org.br\/wp-content\/uploads\/2019\/05\/bebenabarriga.png\" alt=\"\" width=\"203\" height=\"169\" srcset=\"https:\/\/www.leondenis.org.br\/wp-content\/uploads\/2019\/05\/bebenabarriga.png 201w, https:\/\/www.leondenis.org.br\/wp-content\/uploads\/2019\/05\/bebenabarriga-200x168.png 200w\" sizes=\"auto, (max-width: 203px) 100vw, 203px\" \/><\/a><\/p>\n","protected":false},"excerpt":{"rendered":"<p>A CELD desenvolve v\u00e1rios projetos humanit\u00e1rios. Seja um volunt\u00e1rio! Conhe\u00e7a nossos Projetos: Projeto &#8220;Embri\u00e3o de Luz&#8221;<\/p>\n","protected":false},"author":1,"featured_media":0,"parent":0,"menu_order":0,"comment_status":"closed","ping_status":"closed","template":"","meta":{"footnotes":""},"class_list":["post-872","page","type-page","status-publish","hentry"],"_links":{"self":[{"href":"https:\/\/www.leondenis.org.br\/index.php\/wp-json\/wp\/v2\/pages\/872","targetHints":{"allow":["GET"]}}],"collection":[{"href":"https:\/\/www.leondenis.org.br\/index.php\/wp-json\/wp\/v2\/pages"}],"about":[{"href":"https:\/\/www.leondenis.org.br\/index.php\/wp-json\/wp\/v2\/types\/page"}],"author":[{"embeddable":true,"href":"https:\/\/www.leondenis.org.br\/index.php\/wp-json\/wp\/v2\/users\/1"}],"replies":[{"embeddable":true,"href":"https:\/\/www.leondenis.org.br\/index.php\/wp-json\/wp\/v2\/comments?post=872"}],"version-history":[{"count":4,"href":"https:\/\/www.leondenis.org.br\/index.php\/wp-json\/wp\/v2\/pages\/872\/revisions"}],"predecessor-version":[{"id":877,"href":"https:\/\/www.leondenis.org.br\/index.php\/wp-json\/wp\/v2\/pages\/872\/revisions\/877"}],"wp:attachment":[{"href":"https:\/\/www.leondenis.org.br\/index.php\/wp-json\/wp\/v2\/media?parent=872"}],"curies":[{"name":"wp","href":"https:\/\/api.w.org\/{rel}","templated":true}]}}