{"id":561,"date":"2019-05-31T11:50:58","date_gmt":"2019-05-31T14:50:58","guid":{"rendered":"https:\/\/www.leondenis.org.br\/?page_id=561"},"modified":"2019-06-23T19:57:39","modified_gmt":"2019-06-23T22:57:39","slug":"cd-maos-unidas","status":"publish","type":"page","link":"https:\/\/www.leondenis.org.br\/index.php\/cd-maos-unidas\/","title":{"rendered":"CD &#8220;M\u00e3os Unidas&#8221;"},"content":{"rendered":"<p><strong>Ol\u00e1 amigos!<\/strong><\/p>\n<p>A<a href=\"https:\/\/www.leondenis.org.br\/index.php\/area-de-artes-aa\/\"> \u00c1rea de Artes<\/a> da CELD apoiou a cria\u00e7\u00e3o do CD &#8220;M\u00e3os Unidas&#8221;, de autoria de C\u00e9lia Kill, e disponibiliza trechinhos dos \u00e1udios para &#8220;degusta\u00e7\u00e3o&#8221;.<\/p>\n<p>Caso queira ajudar a nossa casa, adquira o CD, por um precinho simb\u00f3lico, entrando em contato com L\u00facia no Cel. (27) 9-9800-1130.<\/p>\n<hr \/>\n<h3><img loading=\"lazy\" decoding=\"async\" class=\"alignnone wp-image-577\" src=\"https:\/\/www.leondenis.org.br\/wp-content\/uploads\/2019\/05\/maosUnidas.jpg\" alt=\"\" width=\"235\" height=\"201\" srcset=\"https:\/\/www.leondenis.org.br\/wp-content\/uploads\/2019\/05\/maosUnidas.jpg 800w, https:\/\/www.leondenis.org.br\/wp-content\/uploads\/2019\/05\/maosUnidas-300x256.jpg 300w, https:\/\/www.leondenis.org.br\/wp-content\/uploads\/2019\/05\/maosUnidas-768x655.jpg 768w\" sizes=\"auto, (max-width: 235px) 100vw, 235px\" \/><\/h3>\n<h3>CD &#8220;M\u00e3os Unidas&#8221;<\/h3>\n<ol>\n<li>Homenagem a L\u00e9on Denis<audio class=\"wp-audio-shortcode\" id=\"audio-561-1\" preload=\"none\" style=\"width: 100%;\" controls=\"controls\"><source type=\"audio\/mpeg\" src=\"https:\/\/www.leondenis.org.br\/wp-content\/uploads\/2019\/05\/Faixa1.mp3?_=1\" \/><a href=\"https:\/\/www.leondenis.org.br\/wp-content\/uploads\/2019\/05\/Faixa1.mp3\">https:\/\/www.leondenis.org.br\/wp-content\/uploads\/2019\/05\/Faixa1.mp3<\/a><\/audio><\/li>\n<li>A vida ensinou<audio class=\"wp-audio-shortcode\" id=\"audio-561-2\" preload=\"none\" style=\"width: 100%;\" controls=\"controls\"><source type=\"audio\/mpeg\" src=\"https:\/\/www.leondenis.org.br\/wp-content\/uploads\/2019\/05\/Faixa2.mp3?_=2\" \/><a href=\"https:\/\/www.leondenis.org.br\/wp-content\/uploads\/2019\/05\/Faixa2.mp3\">https:\/\/www.leondenis.org.br\/wp-content\/uploads\/2019\/05\/Faixa2.mp3<\/a><\/audio><\/li>\n<li>Criancinha<audio class=\"wp-audio-shortcode\" id=\"audio-561-3\" preload=\"none\" style=\"width: 100%;\" controls=\"controls\"><source type=\"audio\/mpeg\" src=\"https:\/\/www.leondenis.org.br\/wp-content\/uploads\/2019\/05\/Faixa3.mp3?_=3\" \/><a href=\"https:\/\/www.leondenis.org.br\/wp-content\/uploads\/2019\/05\/Faixa3.mp3\">https:\/\/www.leondenis.org.br\/wp-content\/uploads\/2019\/05\/Faixa3.mp3<\/a><\/audio><\/li>\n<li>Fam\u00edlia<audio class=\"wp-audio-shortcode\" id=\"audio-561-4\" preload=\"none\" style=\"width: 100%;\" controls=\"controls\"><source type=\"audio\/mpeg\" src=\"https:\/\/www.leondenis.org.br\/wp-content\/uploads\/2019\/05\/Faixa4.mp3?_=4\" \/><a href=\"https:\/\/www.leondenis.org.br\/wp-content\/uploads\/2019\/05\/Faixa4.mp3\">https:\/\/www.leondenis.org.br\/wp-content\/uploads\/2019\/05\/Faixa4.mp3<\/a><\/audio><\/li>\n<li>Universo<audio class=\"wp-audio-shortcode\" id=\"audio-561-5\" preload=\"none\" style=\"width: 100%;\" controls=\"controls\"><source type=\"audio\/mpeg\" src=\"https:\/\/www.leondenis.org.br\/wp-content\/uploads\/2019\/05\/Faixa5.mp3?_=5\" \/><a href=\"https:\/\/www.leondenis.org.br\/wp-content\/uploads\/2019\/05\/Faixa5.mp3\">https:\/\/www.leondenis.org.br\/wp-content\/uploads\/2019\/05\/Faixa5.mp3<\/a><\/audio><\/li>\n<li>Ao Jovem<audio class=\"wp-audio-shortcode\" id=\"audio-561-6\" preload=\"none\" style=\"width: 100%;\" controls=\"controls\"><source type=\"audio\/mpeg\" src=\"https:\/\/www.leondenis.org.br\/wp-content\/uploads\/2019\/05\/Faixa6.mp3?_=6\" \/><a href=\"https:\/\/www.leondenis.org.br\/wp-content\/uploads\/2019\/05\/Faixa6.mp3\">https:\/\/www.leondenis.org.br\/wp-content\/uploads\/2019\/05\/Faixa6.mp3<\/a><\/audio><\/li>\n<li>Inspira\u00e7\u00e3o<audio class=\"wp-audio-shortcode\" id=\"audio-561-7\" preload=\"none\" style=\"width: 100%;\" controls=\"controls\"><source type=\"audio\/mpeg\" src=\"https:\/\/www.leondenis.org.br\/wp-content\/uploads\/2019\/05\/Faixa7.mp3?_=7\" \/><a href=\"https:\/\/www.leondenis.org.br\/wp-content\/uploads\/2019\/05\/Faixa7.mp3\">https:\/\/www.leondenis.org.br\/wp-content\/uploads\/2019\/05\/Faixa7.mp3<\/a><\/audio><\/li>\n<li>A prece<audio class=\"wp-audio-shortcode\" id=\"audio-561-8\" preload=\"none\" style=\"width: 100%;\" controls=\"controls\"><source type=\"audio\/mpeg\" src=\"https:\/\/www.leondenis.org.br\/wp-content\/uploads\/2019\/05\/Faixa8.mp3?_=8\" \/><a href=\"https:\/\/www.leondenis.org.br\/wp-content\/uploads\/2019\/05\/Faixa8.mp3\">https:\/\/www.leondenis.org.br\/wp-content\/uploads\/2019\/05\/Faixa8.mp3<\/a><\/audio><\/li>\n<li>O tempo<audio class=\"wp-audio-shortcode\" id=\"audio-561-9\" preload=\"none\" style=\"width: 100%;\" controls=\"controls\"><source type=\"audio\/mpeg\" src=\"https:\/\/www.leondenis.org.br\/wp-content\/uploads\/2019\/06\/Track-9.mp3?_=9\" \/><a href=\"https:\/\/www.leondenis.org.br\/wp-content\/uploads\/2019\/06\/Track-9.mp3\">https:\/\/www.leondenis.org.br\/wp-content\/uploads\/2019\/06\/Track-9.mp3<\/a><\/audio><\/li>\n<li>Fonte de energia<audio class=\"wp-audio-shortcode\" id=\"audio-561-10\" preload=\"none\" style=\"width: 100%;\" controls=\"controls\"><source type=\"audio\/mpeg\" src=\"https:\/\/www.leondenis.org.br\/wp-content\/uploads\/2019\/06\/Track-10.mp3?_=10\" \/><a href=\"https:\/\/www.leondenis.org.br\/wp-content\/uploads\/2019\/06\/Track-10.mp3\">https:\/\/www.leondenis.org.br\/wp-content\/uploads\/2019\/06\/Track-10.mp3<\/a><\/audio><\/li>\n<li>Auto raio X<audio class=\"wp-audio-shortcode\" id=\"audio-561-11\" preload=\"none\" style=\"width: 100%;\" controls=\"controls\"><source type=\"audio\/mpeg\" src=\"https:\/\/www.leondenis.org.br\/wp-content\/uploads\/2019\/06\/Track-11.mp3?_=11\" \/><a href=\"https:\/\/www.leondenis.org.br\/wp-content\/uploads\/2019\/06\/Track-11.mp3\">https:\/\/www.leondenis.org.br\/wp-content\/uploads\/2019\/06\/Track-11.mp3<\/a><\/audio><\/li>\n<li>Em busca de um mundo melhor<audio class=\"wp-audio-shortcode\" id=\"audio-561-12\" preload=\"none\" style=\"width: 100%;\" controls=\"controls\"><source type=\"audio\/mpeg\" src=\"https:\/\/www.leondenis.org.br\/wp-content\/uploads\/2019\/06\/Track-12.mp3?_=12\" \/><a href=\"https:\/\/www.leondenis.org.br\/wp-content\/uploads\/2019\/06\/Track-12.mp3\">https:\/\/www.leondenis.org.br\/wp-content\/uploads\/2019\/06\/Track-12.mp3<\/a><\/audio><\/li>\n<li>Nasceu Jesus<audio class=\"wp-audio-shortcode\" id=\"audio-561-13\" preload=\"none\" style=\"width: 100%;\" controls=\"controls\"><source type=\"audio\/mpeg\" src=\"https:\/\/www.leondenis.org.br\/wp-content\/uploads\/2019\/06\/Track-13.mp3?_=13\" \/><a href=\"https:\/\/www.leondenis.org.br\/wp-content\/uploads\/2019\/06\/Track-13.mp3\">https:\/\/www.leondenis.org.br\/wp-content\/uploads\/2019\/06\/Track-13.mp3<\/a><\/audio><\/li>\n<\/ol>\n","protected":false},"excerpt":{"rendered":"<p>Ol\u00e1 amigos! A \u00c1rea de Artes da CELD apoiou a cria\u00e7\u00e3o do CD &#8220;M\u00e3os Unidas&#8221;, de autoria de C\u00e9lia Kill, e disponibiliza trechinhos dos \u00e1udios para &#8220;degusta\u00e7\u00e3o&#8221;. Caso queira ajudar a nossa casa, adquira o CD, por um precinho simb\u00f3lico, entrando em contato com L\u00facia no Cel. (27) 9-9800-1130. CD &#8220;M\u00e3os Unidas&#8221; Homenagem a L\u00e9on <a class=\"more-link\" href=\"https:\/\/www.leondenis.org.br\/index.php\/cd-maos-unidas\/\">Leia mais&#8230; &raquo;<\/a><\/p>\n","protected":false},"author":2,"featured_media":0,"parent":0,"menu_order":0,"comment_status":"closed","ping_status":"closed","template":"","meta":{"footnotes":""},"class_list":["post-561","page","type-page","status-publish","hentry"],"_links":{"self":[{"href":"https:\/\/www.leondenis.org.br\/index.php\/wp-json\/wp\/v2\/pages\/561","targetHints":{"allow":["GET"]}}],"collection":[{"href":"https:\/\/www.leondenis.org.br\/index.php\/wp-json\/wp\/v2\/pages"}],"about":[{"href":"https:\/\/www.leondenis.org.br\/index.php\/wp-json\/wp\/v2\/types\/page"}],"author":[{"embeddable":true,"href":"https:\/\/www.leondenis.org.br\/index.php\/wp-json\/wp\/v2\/users\/2"}],"replies":[{"embeddable":true,"href":"https:\/\/www.leondenis.org.br\/index.php\/wp-json\/wp\/v2\/comments?post=561"}],"version-history":[{"count":11,"href":"https:\/\/www.leondenis.org.br\/index.php\/wp-json\/wp\/v2\/pages\/561\/revisions"}],"predecessor-version":[{"id":871,"href":"https:\/\/www.leondenis.org.br\/index.php\/wp-json\/wp\/v2\/pages\/561\/revisions\/871"}],"wp:attachment":[{"href":"https:\/\/www.leondenis.org.br\/index.php\/wp-json\/wp\/v2\/media?parent=561"}],"curies":[{"name":"wp","href":"https:\/\/api.w.org\/{rel}","templated":true}]}}