{"id":363,"date":"2019-05-28T09:46:00","date_gmt":"2019-05-28T12:46:00","guid":{"rendered":"https:\/\/www.leondenis.org.br\/?page_id=363"},"modified":"2019-06-23T18:51:44","modified_gmt":"2019-06-23T21:51:44","slug":"area-juridica-espirita-aje","status":"publish","type":"page","link":"https:\/\/www.leondenis.org.br\/index.php\/area-juridica-espirita-aje\/","title":{"rendered":"\u00c1rea Jur\u00eddica Esp\u00edrita &#8211; AJE\u00a0"},"content":{"rendered":"<div id=\"attachment_376\" style=\"width: 285px\" class=\"wp-caption alignleft\"><img loading=\"lazy\" decoding=\"async\" aria-describedby=\"caption-attachment-376\" class=\"wp-image-376 size-full\" src=\"https:\/\/www.leondenis.org.br\/wp-content\/uploads\/2019\/05\/juridica.jpeg\" alt=\"\" width=\"275\" height=\"183\" \/><p id=\"caption-attachment-376\" class=\"wp-caption-text\"><strong>Coordenadora<\/strong>: Ida Mara\u00a0<\/p><\/div>\n<p><strong>\u00c1rea Jur\u00eddica Esp\u00edrita &#8211; AJE\u00a0<\/strong><\/p>\n","protected":false},"excerpt":{"rendered":"<p>\u00c1rea Jur\u00eddica Esp\u00edrita &#8211; AJE\u00a0<\/p>\n","protected":false},"author":1,"featured_media":0,"parent":0,"menu_order":0,"comment_status":"closed","ping_status":"closed","template":"","meta":{"footnotes":""},"class_list":["post-363","page","type-page","status-publish","hentry"],"_links":{"self":[{"href":"https:\/\/www.leondenis.org.br\/index.php\/wp-json\/wp\/v2\/pages\/363","targetHints":{"allow":["GET"]}}],"collection":[{"href":"https:\/\/www.leondenis.org.br\/index.php\/wp-json\/wp\/v2\/pages"}],"about":[{"href":"https:\/\/www.leondenis.org.br\/index.php\/wp-json\/wp\/v2\/types\/page"}],"author":[{"embeddable":true,"href":"https:\/\/www.leondenis.org.br\/index.php\/wp-json\/wp\/v2\/users\/1"}],"replies":[{"embeddable":true,"href":"https:\/\/www.leondenis.org.br\/index.php\/wp-json\/wp\/v2\/comments?post=363"}],"version-history":[{"count":5,"href":"https:\/\/www.leondenis.org.br\/index.php\/wp-json\/wp\/v2\/pages\/363\/revisions"}],"predecessor-version":[{"id":844,"href":"https:\/\/www.leondenis.org.br\/index.php\/wp-json\/wp\/v2\/pages\/363\/revisions\/844"}],"wp:attachment":[{"href":"https:\/\/www.leondenis.org.br\/index.php\/wp-json\/wp\/v2\/media?parent=363"}],"curies":[{"name":"wp","href":"https:\/\/api.w.org\/{rel}","templated":true}]}}