{"id":359,"date":"2019-05-28T09:45:30","date_gmt":"2019-05-28T12:45:30","guid":{"rendered":"https:\/\/www.leondenis.org.br\/?page_id=359"},"modified":"2019-06-20T21:03:39","modified_gmt":"2019-06-21T00:03:39","slug":"area-de-promocao-social-espirita-apse","status":"publish","type":"page","link":"https:\/\/www.leondenis.org.br\/index.php\/area-de-promocao-social-espirita-apse\/","title":{"rendered":"\u00c1rea de Promo\u00e7\u00e3o Social Esp\u00edrita &#8211; APSE\u00a0"},"content":{"rendered":"<div id=\"attachment_381\" style=\"width: 235px\" class=\"wp-caption alignleft\"><img loading=\"lazy\" decoding=\"async\" aria-describedby=\"caption-attachment-381\" class=\"wp-image-381 size-full\" src=\"https:\/\/www.leondenis.org.br\/wp-content\/uploads\/2019\/05\/promocaosocial.jpeg\" alt=\"\" width=\"225\" height=\"225\" srcset=\"https:\/\/www.leondenis.org.br\/wp-content\/uploads\/2019\/05\/promocaosocial.jpeg 225w, https:\/\/www.leondenis.org.br\/wp-content\/uploads\/2019\/05\/promocaosocial-150x150.jpeg 150w, https:\/\/www.leondenis.org.br\/wp-content\/uploads\/2019\/05\/promocaosocial-200x200.jpeg 200w\" sizes=\"auto, (max-width: 225px) 100vw, 225px\" \/><p id=\"caption-attachment-381\" class=\"wp-caption-text\"><strong>Coordenadora<\/strong>: Maria Alice\u00a0<\/p><\/div>\n<p><strong>\u00c1rea de Promo\u00e7\u00e3o Social Esp\u00edrita &#8211; APSE\u00a0<\/strong><\/p>\n<p>&nbsp;<\/p>\n<p>&nbsp;<\/p>\n<p>&nbsp;<\/p>\n<p>&nbsp;<\/p>\n<p>&nbsp;<\/p>\n<p>&nbsp;<\/p>\n<hr \/>\n<p>Projetos:<\/p>\n<ul>\n<li><a href=\"https:\/\/www.leondenis.org.br\/index.php\/projeto-embriao-de-luz\/\">Projeto Embri\u00e3o de Luz<\/a><\/li>\n<\/ul>\n","protected":false},"excerpt":{"rendered":"<p>\u00c1rea de Promo\u00e7\u00e3o Social Esp\u00edrita &#8211; APSE\u00a0 &nbsp; &nbsp; &nbsp; &nbsp; &nbsp; &nbsp; Projetos: Projeto Embri\u00e3o de Luz<\/p>\n","protected":false},"author":1,"featured_media":0,"parent":0,"menu_order":0,"comment_status":"closed","ping_status":"closed","template":"","meta":{"footnotes":""},"class_list":["post-359","page","type-page","status-publish","hentry"],"_links":{"self":[{"href":"https:\/\/www.leondenis.org.br\/index.php\/wp-json\/wp\/v2\/pages\/359","targetHints":{"allow":["GET"]}}],"collection":[{"href":"https:\/\/www.leondenis.org.br\/index.php\/wp-json\/wp\/v2\/pages"}],"about":[{"href":"https:\/\/www.leondenis.org.br\/index.php\/wp-json\/wp\/v2\/types\/page"}],"author":[{"embeddable":true,"href":"https:\/\/www.leondenis.org.br\/index.php\/wp-json\/wp\/v2\/users\/1"}],"replies":[{"embeddable":true,"href":"https:\/\/www.leondenis.org.br\/index.php\/wp-json\/wp\/v2\/comments?post=359"}],"version-history":[{"count":4,"href":"https:\/\/www.leondenis.org.br\/index.php\/wp-json\/wp\/v2\/pages\/359\/revisions"}],"predecessor-version":[{"id":787,"href":"https:\/\/www.leondenis.org.br\/index.php\/wp-json\/wp\/v2\/pages\/359\/revisions\/787"}],"wp:attachment":[{"href":"https:\/\/www.leondenis.org.br\/index.php\/wp-json\/wp\/v2\/media?parent=359"}],"curies":[{"name":"wp","href":"https:\/\/api.w.org\/{rel}","templated":true}]}}