{"id":357,"date":"2019-05-28T09:45:16","date_gmt":"2019-05-28T12:45:16","guid":{"rendered":"https:\/\/www.leondenis.org.br\/?page_id=357"},"modified":"2021-03-12T14:49:42","modified_gmt":"2021-03-12T17:49:42","slug":"area-de-infancia-e-juventude-aij","status":"publish","type":"page","link":"https:\/\/www.leondenis.org.br\/index.php\/area-de-infancia-e-juventude-aij\/","title":{"rendered":"\u00c1rea de Inf\u00e2ncia e Juventude &#8211; AIJ"},"content":{"rendered":"<p><img loading=\"lazy\" decoding=\"async\" class=\"wp-image-1026 size-full\" src=\"https:\/\/www.leondenis.org.br\/wp-content\/uploads\/2019\/07\/infanciaejuventude_novo.jpeg\" alt=\"\" width=\"800\" height=\"363\" srcset=\"https:\/\/www.leondenis.org.br\/wp-content\/uploads\/2019\/07\/infanciaejuventude_novo.jpeg 800w, https:\/\/www.leondenis.org.br\/wp-content\/uploads\/2019\/07\/infanciaejuventude_novo-300x136.jpeg 300w, https:\/\/www.leondenis.org.br\/wp-content\/uploads\/2019\/07\/infanciaejuventude_novo-768x348.jpeg 768w\" sizes=\"auto, (max-width: 800px) 100vw, 800px\" \/><\/p>\n<div align=\"left\"><strong>Coordenadora<\/strong>: Marcela Kill<br \/>\n<strong>Coord. Inf\u00e2ncia<\/strong>: L\u00edvia Queiroz<br \/>\n<strong>Coord. Juventude<\/strong>: Roberta e Edna Samira<\/div>\n<div><\/div>\n<hr \/>\n<div>\n<p class=\"s4\"><span class=\"s3\">\u00a0 \u00a0 \u00a0 \u00a0 \u00a0 \u00a0A tarefa da Evangeliza\u00e7\u00e3o Esp\u00edrita tem como objetivos: <\/span><span class=\"s3\">promover a integra\u00e7\u00e3o do evangelizando consigo mesmo, com o pr\u00f3ximo e com Deus; proporcionar a crian\u00e7a e ao jovem o estudo da lei natural que rege o Universo, da natureza, origem e destino dos Esp\u00edritos, bem como suas rela\u00e7\u00f5es com o mundo corporal; oferecer ao evangelizando a oportunidade de perceber-se como homem integral, cr\u00edtico e consciente, herdeiro de si mesmo, cidad\u00e3o do Universo e agente de transforma\u00e7\u00e3o de seu meio.<\/span><\/p>\n<p class=\"s4\" style=\"text-align: right;\"><span class=\"s3\"><i>\u201c\u00c9 atrav\u00e9s da evangeliza\u00e7\u00e3o que o Espiritismo <\/i><\/span><span class=\"s3\"><i>desenvolve seu mais valioso programa de assist\u00eancia educativa ao homem\u201d<\/i>. <\/span><span class=\"s3\">Guillon<\/span><span class=\"s3\"> Ribeiro (Sublime Sementeira, 1963).<\/span><\/p>\n<p class=\"s4\"><span class=\"s3\">\u00a0 \u00a0 \u00a0 \u00a0 Considerando-se que \u201c<i>os Esp\u00edritos s\u00f3 entram na vida corporal para se aperfei\u00e7oarem, para se melhorarem\u201d<\/i> (KARDEC, 2003, q.385) e que <i>\u201ca educa\u00e7\u00e3o constitui a chave do progresso moral\u201d\u00a0<\/i>(KARDEC, 2003, q. 917), v\u00ea-se a grave e imposterg\u00e1vel responsabilidade de conduzi-los pela senda do bem, <\/span><span class=\"s3\">favorecendo-lhes<\/span><span class=\"s3\"> os exerc\u00edcios de autoconhecimento, reforma \u00edntima, aprendizado e viv\u00eancia da Lei do Amor.<\/span><\/p>\n<p>&nbsp;<\/p>\n<hr \/>\n<\/div>\n<ul>\n<li><strong>Turma: Flores da Esperan\u00e7a<\/strong>\n<ul>\n<li><a href=\"https:\/\/www.leondenis.org.br\/wp-content\/uploads\/2019\/06\/Cronograma-Evangelizac\u00e3o-Infantil-2019-ALTERADO-01-05-2019.docx\" target=\"_blank\" rel=\"noopener noreferrer\">Cronograma Anual da Inf\u00e2ncia<\/a> (Turma: Flores da Esperan\u00e7a).<\/li>\n<li>Apostila em PDF \u00a0&#8220;<a href=\"http:\/\/febnet.org.br\/dij\/comunicativos\/orientacao_a_acao_evangelizadora_espirita_da_infancia_subsidios_e_diretrizes_final.pdf\" target=\"_blank\" rel=\"noopener noreferrer\">Orienta\u00e7\u00f5es da A\u00e7\u00e3o Evangelizadora para a Inf\u00e2ncia.\u201d\u00a0<\/a><\/li>\n<li>Convite do Minicurso para \u00c1rea da Inf\u00e2ncia e Juventude.<\/li>\n<li><a href=\"https:\/\/drive.google.com\/file\/d\/1KFPSKyMfhY9zGVRbm8Zxa-Wo12kphE4e\/view?usp=sharing\" target=\"_blank\" rel=\"noopener noreferrer\">Slides do Minicurso<\/a>.<\/li>\n<\/ul>\n<\/li>\n<\/ul>\n<ul>\n<li><strong>Calend\u00e1rio da Evangeliza\u00e7\u00e3o &#8211; Ano 2021:<\/strong>\n<ul>\n<li><a href=\"https:\/\/www.leondenis.org.br\/index.php\/2021\/03\/12\/calendario-da-evangelizacao-da-celd-marco-2021\/\">Calend\u00e1rio de Mar\u00e7o<\/a><\/li>\n<\/ul>\n<\/li>\n<\/ul>\n<ul>\n<li><strong>Aulas &#8211; Ano 2020:<\/strong>\n<ul>\n<li style=\"list-style-type: none;\">\n<ul>\n<li><a href=\"https:\/\/drive.google.com\/file\/d\/1jZOBiQK3_NbkRDOxhbZKAVfAZmxtDHUX\/view?usp=sharing\">Aula Inaugural 07_02_2020<\/a><\/li>\n<li><a href=\"https:\/\/drive.google.com\/file\/d\/1NvF-7fdzkutwKv5--uyF3zz00emn0oSN\/view?usp=sharing\">Aula 02 &#8211; Bem e o Mal_Vis\u00e3o Esp\u00edrita do Carnaval <\/a><\/li>\n<li><a href=\"https:\/\/drive.google.com\/file\/d\/1Hbr81PDjDF9Z4wKRRk_Bv4oNjx11sZph\/view?usp=sharing\">Aula 03 &#8211; Valor da Prece <\/a><\/li>\n<li><a href=\"https:\/\/drive.google.com\/file\/d\/1qblizSwoXCfm_AyHNAwmrfirUrj3a8HT\/view?usp=sharing\">Aula 05 &#8211; Lei da Reprodu\u00e7\u00e3o\u00a0<\/a><\/li>\n<li><a href=\"https:\/\/drive.google.com\/file\/d\/1N_-q7lu0vjs3PDme27ZM-mTWSPXDVt4z\/view?usp=sharing\">Aula 12 &#8211; Import\u00e2ncia da Maternidade (Cap_ XI \u2013 L_E_ Amor materno e filial) \u2013 Atividade Dia das M\u00e3es<\/a><\/li>\n<li><a href=\"https:\/\/drive.google.com\/file\/d\/19B9kHhIyZSgcUJ5NUBcsVEXpiPnkYEOm\/view?usp=sharing\">Aula 13 &#8211; Crian\u00e7a e Adolescente como agentes de Transforma\u00e7\u00e3o Social<\/a><\/li>\n<li><a href=\"https:\/\/drive.google.com\/file\/d\/18279C64JF-42X3stQxVqHaXJrAmR4mbP\/view?usp=sharing\">Aula 17 &#8211; Reuni\u00e3o para Evangelho no Lar_Prote\u00e7\u00e3o Esp\u00edrita_Fortalecimento de La\u00e7os afetivos e Renova\u00e7\u00e3o da Energia<\/a><\/li>\n<li><a href=\"https:\/\/drive.google.com\/file\/d\/1e9i12yxn6owLnANdjzWFUrSfbQLc0NOb\/view?usp=sharing\">Aula 21 &#8211; Lei de Liberdade<\/a><\/li>\n<\/ul>\n<\/li>\n<\/ul>\n<\/li>\n<\/ul>\n<ul>\n<li><strong>Aulas &#8211; Ano 2019:<\/strong>\n<ul>\n<li><a href=\"https:\/\/drive.google.com\/open?id=13NNxi8tpsHHK0OLNKiTPQDjQY_BVRbnY\">Aula 20 &#8211;\u00a0 Interven\u00e7\u00e3o dos Esp\u00edritos no Mundo Corporal<\/a><\/li>\n<li><a href=\"https:\/\/drive.google.com\/open?id=1jbY507_S7KQcTLF4Y879dj_jYxd3kqWO\">Aula 23 &#8211; Ensinamentos de Jesus e viv\u00eancia evang\u00e9lica &#8211; As bem-aventuran\u00e7as e o serm\u00e3o da Montanha<\/a><\/li>\n<li><a href=\"https:\/\/drive.google.com\/open?id=17wSTgrT8nkCBG85llUSYZeoIqQx970BA\">Aula 25 &#8211; Comemorando o Dia dos Pais\u00a0<\/a><\/li>\n<li><a href=\"https:\/\/drive.google.com\/open?id=17-RB9EmYLCUVTj__iw4i2OiUGFGBMRzn\">Aula 26 &#8211; Ensinamentos de Jesus e viv\u00eancia evang\u00e9lica-1<\/a><\/li>\n<li><a href=\"https:\/\/drive.google.com\/open?id=1-bRrsDyMFU_qQ32ImFpvYXjc1EhOuVjZ\">Aula 29 &#8211; Reforma \u00edntima e perfei\u00e7\u00e3o moral<\/a><\/li>\n<li><a href=\"https:\/\/drive.google.com\/open?id=1Kds_KfVWpmMyva-OrhgFjcm9pIIK95un\">Aula 29 &#8211; Reforma Intima e Perfei\u00e7\u00e3o Moral &#8211;\u00a0 Educa\u00e7\u00e3o dos Sentimentos e das Emo\u00e7\u00f5es _ Virtudes e V\u00edcios<\/a><\/li>\n<li><a href=\"https:\/\/drive.google.com\/open?id=1yuMBzKghghdaq4trnkC62MLWbqPjlD-L\">Aula 30 &#8211; Reforma \u00edntima_Conhecimento de si mesmo &#8211; SEXUALIDADE<\/a><\/li>\n<li><a href=\"https:\/\/drive.google.com\/open?id=1p7nF0_oROlDLqNiRd-NKGwkIYnw-T7oI\" target=\"_blank\" rel=\"noopener noreferrer\">Aula 31 &#8211; Reforma \u00edntima e perfei\u00e7\u00e3o moral &#8211; gratid\u00e3o<\/a><\/li>\n<li><a href=\"https:\/\/drive.google.com\/file\/d\/1cYKFJ_y16CiVxcZnkIJD3rQsNCq0mizA\/view?usp=sharing\" target=\"_blank\" rel=\"noopener noreferrer\">Aula 32 &#8211; Reforma Intima &#8211; Homem de Bem\u00a0<\/a><\/li>\n<li><a href=\"https:\/\/drive.google.com\/open?id=1MYTPw-lJ5LCayvuChy3_UsQ6IjTYB65x\" target=\"_blank\" rel=\"noopener noreferrer\">Aula 33 &#8211; Espiritismo e movimento espirita- Hydesville e as mesas girantes<\/a><\/li>\n<\/ul>\n<\/li>\n<\/ul>\n<hr \/>\n<p><strong>Anexos:<\/strong><\/p>\n<ul>\n<li style=\"list-style-type: none;\">\n<ul>\n<li><a href=\"https:\/\/drive.google.com\/open?id=1xiSAADhE_TVroG_UGYb8TR00o_SLBgSd\">Anexo II &#8211; Ca\u00e7a-palavras<\/a><\/li>\n<li><a href=\"https:\/\/drive.google.com\/open?id=1NyMXE7YJlEwph7R_iqztepfgSmS2btwW\">Certificado<\/a><\/li>\n<li><a href=\"https:\/\/drive.google.com\/open?id=1BChrWUNk2jxRq76dTdwGAuuyo_5adfAA\">Gibi Turma da M\u00f4nica<\/a><\/li>\n<li><a href=\"https:\/\/drive.google.com\/drive\/folders\/1P9JXulkeOv_g2Iv-Bl1PwJSyV0szLPF1?usp=sharing\" target=\"_blank\" rel=\"noopener noreferrer\">Fotos da evangeliza\u00e7\u00e3o infantil<\/a><\/li>\n<li><a href=\"https:\/\/drive.google.com\/open?id=1SK_-jIZDlSHLeMmRG1JBLUS_1pBPmR2Y\" target=\"_blank\" rel=\"noopener noreferrer\">Allan Kardec<\/a><\/li>\n<\/ul>\n<\/li>\n<\/ul>\n<hr \/>\n<p>&nbsp;<\/p>\n","protected":false},"excerpt":{"rendered":"<p>Coordenadora: Marcela Kill Coord. Inf\u00e2ncia: L\u00edvia Queiroz Coord. Juventude: Roberta e Edna Samira \u00a0 \u00a0 \u00a0 \u00a0 \u00a0 \u00a0A tarefa da Evangeliza\u00e7\u00e3o Esp\u00edrita tem como objetivos: promover a integra\u00e7\u00e3o do evangelizando consigo mesmo, com o pr\u00f3ximo e com Deus; proporcionar a crian\u00e7a e ao jovem o estudo da lei natural que rege o Universo, da <a class=\"more-link\" href=\"https:\/\/www.leondenis.org.br\/index.php\/area-de-infancia-e-juventude-aij\/\">Leia mais&#8230; &raquo;<\/a><\/p>\n","protected":false},"author":1,"featured_media":0,"parent":0,"menu_order":0,"comment_status":"closed","ping_status":"closed","template":"","meta":{"footnotes":""},"class_list":["post-357","page","type-page","status-publish","hentry"],"_links":{"self":[{"href":"https:\/\/www.leondenis.org.br\/index.php\/wp-json\/wp\/v2\/pages\/357","targetHints":{"allow":["GET"]}}],"collection":[{"href":"https:\/\/www.leondenis.org.br\/index.php\/wp-json\/wp\/v2\/pages"}],"about":[{"href":"https:\/\/www.leondenis.org.br\/index.php\/wp-json\/wp\/v2\/types\/page"}],"author":[{"embeddable":true,"href":"https:\/\/www.leondenis.org.br\/index.php\/wp-json\/wp\/v2\/users\/1"}],"replies":[{"embeddable":true,"href":"https:\/\/www.leondenis.org.br\/index.php\/wp-json\/wp\/v2\/comments?post=357"}],"version-history":[{"count":45,"href":"https:\/\/www.leondenis.org.br\/index.php\/wp-json\/wp\/v2\/pages\/357\/revisions"}],"predecessor-version":[{"id":1777,"href":"https:\/\/www.leondenis.org.br\/index.php\/wp-json\/wp\/v2\/pages\/357\/revisions\/1777"}],"wp:attachment":[{"href":"https:\/\/www.leondenis.org.br\/index.php\/wp-json\/wp\/v2\/media?parent=357"}],"curies":[{"name":"wp","href":"https:\/\/api.w.org\/{rel}","templated":true}]}}

Área de Infância e Juventude &#8211; AIJ

<p><img loading="lazy" decoding="async" class="wp-image-1026 size-full" src="https://www.leondenis.org.br/wp-content/uploads/2019/07/infanciaejuventude_novo.jpeg" alt="" width="800" height="363" srcset="https://www.leondenis.org.br/wp-content/uploads/2019/07/infanciaejuventude_novo.jpeg 800w, https://www.leondenis.org.br/wp-content/uploads/2019/07/infanciaejuventude_novo-300x136.jpeg 300w, https://www.leondenis.org.br/wp-content/uploads/2019/07/infanciaejuventude_novo-768x348.jpeg 768w" sizes="auto, (max-width: 800px) 100vw, 800px" /></p>
<div align="left"><strong>Coordenadora</strong>: Marcela Kill<br />
<strong>Coord. Infância</strong>: Lívia Queiroz<br />
<strong>Coord. Juventude</strong>: Roberta e Edna Samira</div>
<div></div>
<hr />
<div>
<p class="s4"><span class="s3">           A tarefa da Evangelização Espírita tem como objetivos: </span><span class="s3">promover a integração do evangelizando consigo mesmo, com o próximo e com Deus; proporcionar a criança e ao jovem o estudo da lei natural que rege o Universo, da natureza, origem e destino dos Espíritos, bem como suas relações com o mundo corporal; oferecer ao evangelizando a oportunidade de perceber-se como homem integral, crítico e consciente, herdeiro de si mesmo, cidadão do Universo e agente de transformação de seu meio.</span></p>
<p class="s4" style="text-align: right;"><span class="s3"><i>“É através da evangelização que o Espiritismo </i></span><span class="s3"><i>desenvolve seu mais valioso programa de assistência educativa ao homem”</i>. </span><span class="s3">Guillon</span><span class="s3"> Ribeiro (Sublime Sementeira, 1963).</span></p>
<p class="s4"><span class="s3">        Considerando-se que “<i>os Espíritos só entram na vida corporal para se aperfeiçoarem, para se melhorarem”</i> (KARDEC, 2003, q.385) e que <i>“a educação constitui a chave do progresso moral” </i>(KARDEC, 2003, q. 917), vê-se a grave e impostergável responsabilidade de conduzi-los pela senda do bem, </span><span class="s3">favorecendo-lhes</span><span class="s3"> os exercícios de autoconhecimento, reforma íntima, aprendizado e vivência da Lei do Amor.</span></p>
<p>&nbsp;</p>
<hr />
</div>
<ul>
<li><strong>Turma: Flores da Esperança</strong>
<ul>
<li><a href="https://www.leondenis.org.br/wp-content/uploads/2019/06/Cronograma-Evangelizacão-Infantil-2019-ALTERADO-01-05-2019.docx" target="_blank" rel="noopener noreferrer">Cronograma Anual da Infância</a> (Turma: Flores da Esperança).</li>
<li>Apostila em PDF  &#8220;<a href="http://febnet.org.br/dij/comunicativos/orientacao_a_acao_evangelizadora_espirita_da_infancia_subsidios_e_diretrizes_final.pdf" target="_blank" rel="noopener noreferrer">Orientações da Ação Evangelizadora para a Infância.” </a></li>
<li>Convite do Minicurso para Área da Infância e Juventude.</li>
<li><a href="https://drive.google.com/file/d/1KFPSKyMfhY9zGVRbm8Zxa-Wo12kphE4e/view?usp=sharing" target="_blank" rel="noopener noreferrer">Slides do Minicurso</a>.</li>
</ul>
</li>
</ul>
<ul>
<li><strong>Calendário da Evangelização &#8211; Ano 2021:</strong>
<ul>
<li><a href="https://www.leondenis.org.br/index.php/2021/03/12/calendario-da-evangelizacao-da-celd-marco-2021/">Calendário de Março</a></li>
</ul>
</li>
</ul>
<ul>
<li><strong>Aulas &#8211; Ano 2020:</strong>
<ul>
<li style="list-style-type: none;">
<ul>
<li><a href="https://drive.google.com/file/d/1jZOBiQK3_NbkRDOxhbZKAVfAZmxtDHUX/view?usp=sharing">Aula Inaugural 07_02_2020</a></li>
<li><a href="https://drive.google.com/file/d/1NvF-7fdzkutwKv5--uyF3zz00emn0oSN/view?usp=sharing">Aula 02 &#8211; Bem e o Mal_Visão Espírita do Carnaval </a></li>
<li><a href="https://drive.google.com/file/d/1Hbr81PDjDF9Z4wKRRk_Bv4oNjx11sZph/view?usp=sharing">Aula 03 &#8211; Valor da Prece </a></li>
<li><a href="https://drive.google.com/file/d/1qblizSwoXCfm_AyHNAwmrfirUrj3a8HT/view?usp=sharing">Aula 05 &#8211; Lei da Reprodução </a></li>
<li><a href="https://drive.google.com/file/d/1N_-q7lu0vjs3PDme27ZM-mTWSPXDVt4z/view?usp=sharing">Aula 12 &#8211; Importância da Maternidade (Cap_ XI – L_E_ Amor materno e filial) – Atividade Dia das Mães</a></li>
<li><a href="https://drive.google.com/file/d/19B9kHhIyZSgcUJ5NUBcsVEXpiPnkYEOm/view?usp=sharing">Aula 13 &#8211; Criança e Adolescente como agentes de Transformação Social</a></li>
<li><a href="https://drive.google.com/file/d/18279C64JF-42X3stQxVqHaXJrAmR4mbP/view?usp=sharing">Aula 17 &#8211; Reunião para Evangelho no Lar_Proteção Espírita_Fortalecimento de Laços afetivos e Renovação da Energia</a></li>
<li><a href="https://drive.google.com/file/d/1e9i12yxn6owLnANdjzWFUrSfbQLc0NOb/view?usp=sharing">Aula 21 &#8211; Lei de Liberdade</a></li>
</ul>
</li>
</ul>
</li>
</ul>
<ul>
<li><strong>Aulas &#8211; Ano 2019:</strong>
<ul>
<li><a href="https://drive.google.com/open?id=13NNxi8tpsHHK0OLNKiTPQDjQY_BVRbnY">Aula 20 &#8211;  Intervenção dos Espíritos no Mundo Corporal</a></li>
<li><a href="https://drive.google.com/open?id=1jbY507_S7KQcTLF4Y879dj_jYxd3kqWO">Aula 23 &#8211; Ensinamentos de Jesus e vivência evangélica &#8211; As bem-aventuranças e o sermão da Montanha</a></li>
<li><a href="https://drive.google.com/open?id=17wSTgrT8nkCBG85llUSYZeoIqQx970BA">Aula 25 &#8211; Comemorando o Dia dos Pais </a></li>
<li><a href="https://drive.google.com/open?id=17-RB9EmYLCUVTj__iw4i2OiUGFGBMRzn">Aula 26 &#8211; Ensinamentos de Jesus e vivência evangélica-1</a></li>
<li><a href="https://drive.google.com/open?id=1-bRrsDyMFU_qQ32ImFpvYXjc1EhOuVjZ">Aula 29 &#8211; Reforma íntima e perfeição moral</a></li>
<li><a href="https://drive.google.com/open?id=1Kds_KfVWpmMyva-OrhgFjcm9pIIK95un">Aula 29 &#8211; Reforma Intima e Perfeição Moral &#8211;  Educação dos Sentimentos e das Emoções _ Virtudes e Vícios</a></li>
<li><a href="https://drive.google.com/open?id=1yuMBzKghghdaq4trnkC62MLWbqPjlD-L">Aula 30 &#8211; Reforma íntima_Conhecimento de si mesmo &#8211; SEXUALIDADE</a></li>
<li><a href="https://drive.google.com/open?id=1p7nF0_oROlDLqNiRd-NKGwkIYnw-T7oI" target="_blank" rel="noopener noreferrer">Aula 31 &#8211; Reforma íntima e perfeição moral &#8211; gratidão</a></li>
<li><a href="https://drive.google.com/file/d/1cYKFJ_y16CiVxcZnkIJD3rQsNCq0mizA/view?usp=sharing" target="_blank" rel="noopener noreferrer">Aula 32 &#8211; Reforma Intima &#8211; Homem de Bem </a></li>
<li><a href="https://drive.google.com/open?id=1MYTPw-lJ5LCayvuChy3_UsQ6IjTYB65x" target="_blank" rel="noopener noreferrer">Aula 33 &#8211; Espiritismo e movimento espirita- Hydesville e as mesas girantes</a></li>
</ul>
</li>
</ul>
<hr />
<p><strong>Anexos:</strong></p>
<ul>
<li style="list-style-type: none;">
<ul>
<li><a href="https://drive.google.com/open?id=1xiSAADhE_TVroG_UGYb8TR00o_SLBgSd">Anexo II &#8211; Caça-palavras</a></li>
<li><a href="https://drive.google.com/open?id=1NyMXE7YJlEwph7R_iqztepfgSmS2btwW">Certificado</a></li>
<li><a href="https://drive.google.com/open?id=1BChrWUNk2jxRq76dTdwGAuuyo_5adfAA">Gibi Turma da Mônica</a></li>
<li><a href="https://drive.google.com/drive/folders/1P9JXulkeOv_g2Iv-Bl1PwJSyV0szLPF1?usp=sharing" target="_blank" rel="noopener noreferrer">Fotos da evangelização infantil</a></li>
<li><a href="https://drive.google.com/open?id=1SK_-jIZDlSHLeMmRG1JBLUS_1pBPmR2Y" target="_blank" rel="noopener noreferrer">Allan Kardec</a></li>
</ul>
</li>
</ul>
<hr />
<p>&nbsp;</p>

<p>Coordenadora: Marcela Kill Coord. Infância: Lívia Queiroz Coord. Juventude: Roberta e Edna Samira            A tarefa da Evangelização Espírita tem como objetivos: promover a integração do evangelizando consigo mesmo, com o próximo e com Deus; proporcionar a criança e ao jovem o estudo da lei natural que rege o Universo, da <a class="more-link" href="https://www.leondenis.org.br/index.php/area-de-infancia-e-juventude-aij/">Leia mais&#8230; &raquo;</a></p>
