{"id":355,"date":"2019-05-28T09:45:01","date_gmt":"2019-05-28T12:45:01","guid":{"rendered":"https:\/\/www.leondenis.org.br\/?page_id=355"},"modified":"2019-06-23T18:46:34","modified_gmt":"2019-06-23T21:46:34","slug":"area-de-comunicacao-social-espirita-acse","status":"publish","type":"page","link":"https:\/\/www.leondenis.org.br\/index.php\/area-de-comunicacao-social-espirita-acse\/","title":{"rendered":"\u00c1rea de Comunica\u00e7\u00e3o Social Esp\u00edrita &#8211; ACSE\u00a0"},"content":{"rendered":"<div id=\"attachment_386\" style=\"width: 272px\" class=\"wp-caption alignleft\"><img loading=\"lazy\" decoding=\"async\" aria-describedby=\"caption-attachment-386\" class=\"wp-image-386 \" src=\"https:\/\/www.leondenis.org.br\/wp-content\/uploads\/2019\/05\/comunicacaosocial.jpeg\" alt=\"\" width=\"262\" height=\"131\" srcset=\"https:\/\/www.leondenis.org.br\/wp-content\/uploads\/2019\/05\/comunicacaosocial.jpeg 318w, https:\/\/www.leondenis.org.br\/wp-content\/uploads\/2019\/05\/comunicacaosocial-300x150.jpeg 300w\" sizes=\"auto, (max-width: 262px) 100vw, 262px\" \/><p id=\"caption-attachment-386\" class=\"wp-caption-text\"><strong>Coordenadora<\/strong>: Gl\u00e1ucia Sued<\/p><\/div>\n<p><strong>\u00c1rea de Comunica\u00e7\u00e3o Social Esp\u00edrita &#8211; ACSE\u00a0<\/strong><\/p>\n<p>&#8220;Ide por todo o mundo e pregai o Evangelho a toda criatura&#8221; Jesus (Marcos 16:15).<\/p>\n<p>&#8220;O Espiritismo nos solicita uma esp\u00e9cie permanente de caridade &#8211; a caridade da sua pr\u00f3pria divulga\u00e7\u00e3o&#8221; Emmanuel (Estude e viva, cap. 40, FEB).<\/p>\n<p>Cabe \u00e0 \u00c1rea de Comunica\u00e7\u00e3o da CELD a elabora\u00e7\u00e3o e divulga\u00e7\u00e3o de textos, panfletos, murais, cartazes e demais informativos sobre a Doutrina Esp\u00edrita, sobre atividades, palestras p\u00fablicas e eventos, al\u00e9m da divulga\u00e7\u00e3o de materiais diversos dispon\u00edveis na biblioteca e\/ou livraria da casa, como livros, peri\u00f3dicos, v\u00eddeos, etc.<\/p>\n<p>Toda a elabora\u00e7\u00e3o de material da \u00c1rea de Comunica\u00e7\u00e3o Social Esp\u00edrita \u00e9 realizada em parceria com as diversas \u00e1reas\/setores da casa, utilizando-se na divulga\u00e7\u00e3o os ve\u00edculos de comunica\u00e7\u00e3o social compat\u00edveis e dispon\u00edveis aos seus trabalhadores, sempre com especial aten\u00e7\u00e3o ao alinhamento de seu conte\u00fado aos princ\u00edpios \u00e9tico-morais do Espiritismo.<\/p>\n","protected":false},"excerpt":{"rendered":"<p>\u00c1rea de Comunica\u00e7\u00e3o Social Esp\u00edrita &#8211; ACSE\u00a0 &#8220;Ide por todo o mundo e pregai o Evangelho a toda criatura&#8221; Jesus (Marcos 16:15). &#8220;O Espiritismo nos solicita uma esp\u00e9cie permanente de caridade &#8211; a caridade da sua pr\u00f3pria divulga\u00e7\u00e3o&#8221; Emmanuel (Estude e viva, cap. 40, FEB). Cabe \u00e0 \u00c1rea de Comunica\u00e7\u00e3o da CELD a elabora\u00e7\u00e3o e <a class=\"more-link\" href=\"https:\/\/www.leondenis.org.br\/index.php\/area-de-comunicacao-social-espirita-acse\/\">Leia mais&#8230; &raquo;<\/a><\/p>\n","protected":false},"author":1,"featured_media":0,"parent":0,"menu_order":0,"comment_status":"closed","ping_status":"closed","template":"","meta":{"footnotes":""},"class_list":["post-355","page","type-page","status-publish","hentry"],"_links":{"self":[{"href":"https:\/\/www.leondenis.org.br\/index.php\/wp-json\/wp\/v2\/pages\/355","targetHints":{"allow":["GET"]}}],"collection":[{"href":"https:\/\/www.leondenis.org.br\/index.php\/wp-json\/wp\/v2\/pages"}],"about":[{"href":"https:\/\/www.leondenis.org.br\/index.php\/wp-json\/wp\/v2\/types\/page"}],"author":[{"embeddable":true,"href":"https:\/\/www.leondenis.org.br\/index.php\/wp-json\/wp\/v2\/users\/1"}],"replies":[{"embeddable":true,"href":"https:\/\/www.leondenis.org.br\/index.php\/wp-json\/wp\/v2\/comments?post=355"}],"version-history":[{"count":8,"href":"https:\/\/www.leondenis.org.br\/index.php\/wp-json\/wp\/v2\/pages\/355\/revisions"}],"predecessor-version":[{"id":834,"href":"https:\/\/www.leondenis.org.br\/index.php\/wp-json\/wp\/v2\/pages\/355\/revisions\/834"}],"wp:attachment":[{"href":"https:\/\/www.leondenis.org.br\/index.php\/wp-json\/wp\/v2\/media?parent=355"}],"curies":[{"name":"wp","href":"https:\/\/api.w.org\/{rel}","templated":true}]}}

Área de Comunicação Social Espírita &#8211; ACSE

<div id="attachment_386" style="width: 272px" class="wp-caption alignleft"><img loading="lazy" decoding="async" aria-describedby="caption-attachment-386" class="wp-image-386 " src="https://www.leondenis.org.br/wp-content/uploads/2019/05/comunicacaosocial.jpeg" alt="" width="262" height="131" srcset="https://www.leondenis.org.br/wp-content/uploads/2019/05/comunicacaosocial.jpeg 318w, https://www.leondenis.org.br/wp-content/uploads/2019/05/comunicacaosocial-300x150.jpeg 300w" sizes="auto, (max-width: 262px) 100vw, 262px" /><p id="caption-attachment-386" class="wp-caption-text"><strong>Coordenadora</strong>: Gláucia Sued</p></div>
<p><strong>Área de Comunicação Social Espírita &#8211; ACSE </strong></p>
<p>&#8220;Ide por todo o mundo e pregai o Evangelho a toda criatura&#8221; Jesus (Marcos 16:15).</p>
<p>&#8220;O Espiritismo nos solicita uma espécie permanente de caridade &#8211; a caridade da sua própria divulgação&#8221; Emmanuel (Estude e viva, cap. 40, FEB).</p>
<p>Cabe à Área de Comunicação da CELD a elaboração e divulgação de textos, panfletos, murais, cartazes e demais informativos sobre a Doutrina Espírita, sobre atividades, palestras públicas e eventos, além da divulgação de materiais diversos disponíveis na biblioteca e/ou livraria da casa, como livros, periódicos, vídeos, etc.</p>
<p>Toda a elaboração de material da Área de Comunicação Social Espírita é realizada em parceria com as diversas áreas/setores da casa, utilizando-se na divulgação os veículos de comunicação social compatíveis e disponíveis aos seus trabalhadores, sempre com especial atenção ao alinhamento de seu conteúdo aos princípios ético-morais do Espiritismo.</p>

<p>Área de Comunicação Social Espírita &#8211; ACSE  &#8220;Ide por todo o mundo e pregai o Evangelho a toda criatura&#8221; Jesus (Marcos 16:15). &#8220;O Espiritismo nos solicita uma espécie permanente de caridade &#8211; a caridade da sua própria divulgação&#8221; Emmanuel (Estude e viva, cap. 40, FEB). Cabe à Área de Comunicação da CELD a elaboração e <a class="more-link" href="https://www.leondenis.org.br/index.php/area-de-comunicacao-social-espirita-acse/">Leia mais&#8230; &raquo;</a></p>
