{"id":353,"date":"2019-05-28T09:44:40","date_gmt":"2019-05-28T12:44:40","guid":{"rendered":"https:\/\/www.leondenis.org.br\/?page_id=353"},"modified":"2019-07-26T14:25:58","modified_gmt":"2019-07-26T17:25:58","slug":"area-de-atendimento-espiritual-aae","status":"publish","type":"page","link":"https:\/\/www.leondenis.org.br\/index.php\/area-de-atendimento-espiritual-aae\/","title":{"rendered":"\u00c1rea de Atendimento Espiritual &#8211; AAE"},"content":{"rendered":"<div id=\"attachment_1064\" style=\"width: 810px\" class=\"wp-caption alignnone\"><img loading=\"lazy\" decoding=\"async\" aria-describedby=\"caption-attachment-1064\" class=\"wp-image-1064 size-full\" src=\"https:\/\/www.leondenis.org.br\/wp-content\/uploads\/2019\/07\/atendimentoEspiritual.png\" alt=\"\" width=\"800\" height=\"333\" srcset=\"https:\/\/www.leondenis.org.br\/wp-content\/uploads\/2019\/07\/atendimentoEspiritual.png 800w, https:\/\/www.leondenis.org.br\/wp-content\/uploads\/2019\/07\/atendimentoEspiritual-300x125.png 300w, https:\/\/www.leondenis.org.br\/wp-content\/uploads\/2019\/07\/atendimentoEspiritual-768x320.png 768w\" sizes=\"auto, (max-width: 800px) 100vw, 800px\" \/><p id=\"caption-attachment-1064\" class=\"wp-caption-text\"><strong>Coordenador<\/strong>: Rog\u00e9rio Machado<\/p><\/div>\n<p><strong>\u00c1rea de Atendimento Espiritual &#8211; AAE<\/strong><\/p>\n<ul>\n<li>Recep\u00e7\u00e3o na Casa Esp\u00edrita<\/li>\n<li>Entrevista Fraterna<\/li>\n<li>Explana\u00e7\u00e3o do Evangelho \u00e0 luz da Doutrina Esp\u00edrita<\/li>\n<li>Atendimento do Passe nos Lares, Hospitais, etc.<\/li>\n<li>Visita Fraterna<\/li>\n<li>Atendimento do Passe na CELD<\/li>\n<li>Implanta\u00e7\u00e3o do Culto no Lar<\/li>\n<li>Irradia\u00e7\u00e3o<\/li>\n<li>Magnetiza\u00e7\u00e3o da \u00c1gua<\/li>\n<li>Orienta\u00e7\u00f5es para Tratamento Espiritual<\/li>\n<li>Apoio Terap\u00eautico<\/li>\n<\/ul>\n<p><strong>Recep\u00e7\u00e3o na Casa Esp\u00edrita<\/strong><br \/>\nA recep\u00e7\u00e3o \u00e9 tarefa de grande import\u00e2ncia pois a perman\u00eancia dos que buscam a Casa Esp\u00edrita vai depender da habilidade dos trabalhadores em transmitir afeto, seguran\u00e7a, consolo e esperan\u00e7a aos que chegam.<\/p>\n<p><strong>Entrevista Fraterna<\/strong><br \/>\nTem como objetivo esclarecer e consolar todos os que buscam orienta\u00e7\u00e3o moral-espiritual, atrav\u00e9s do di\u00e1logo fundamentado na Codifica\u00e7\u00e3o Kardequiana.<\/p>\n<p><strong>Explana\u00e7\u00e3o do Evangelho \u00e0 luz da Doutrina Esp\u00edrita<\/strong><br \/>\nVisa transmitir conte\u00fados doutrin\u00e1rios atrav\u00e9s do estudo do Evangelho Segundo o Espiritismo.<\/p>\n<p><strong>Visita Fraterna<\/strong><br \/>\nTem por objetivo colocar em pr\u00e1tica os ensinamentos doutrin\u00e1rios recebidos, baseados no exemplo de nosso Irm\u00e3o e Mestre Jesus, que nos mostra que todos somos irm\u00e3os e devemos nos ajudar mutuamente. O importante destas visitas \u00e9 levar uma palavra amiga com muito amor, com um sorriso nos l\u00e1bios, no olhar, um abra\u00e7o fraterno e muito respeito.<\/p>\n<p><strong>Atendimento do Passe<\/strong><br \/>\nNa CELD, nos lares, nos hospitais e nas visitas. Auxiliar o equil\u00edbrio org\u00e2nico e espiritual.<\/p>\n<p><strong>Culto do Evangelho no Lar<\/strong><br \/>\nIncentivar o h\u00e1bito do estudo evang\u00e9lico e da ora\u00e7\u00e3o em fam\u00edlia. Fortalecer os la\u00e7os de afinidade familiar. Incentivar e colaborar na implanta\u00e7\u00e3o do Evangelho no lar.<\/p>\n<p><strong>Irradia\u00e7\u00e3o<\/strong><br \/>\nVisa amparar e fortalecer os carentes de atendimento espiritual e os trabalhadores da Casa Esp\u00edrita e do Movimento Esp\u00edrita. \u00c9 uma reuni\u00e3o privativa de vibra\u00e7\u00e3o em conjunto para irradiar energia de paz, de amor e de harmonia, em favor de encarnados e desencarnados de atendimento espiritual.<\/p>\n<p><strong>\u00c1gua Magnetizada<\/strong><br \/>\nPara Kardec a a\u00e7\u00e3o magn\u00e9tica produzida pelo agente encarnado (magnetizador), tanto pode produzir uma modifica\u00e7\u00e3o nas propriedades da \u00e1gua quanto no tocante aos fluidos org\u00e2nicos. Para Dr. Bezerra de Menezes a \u00e1gua, em face de sua constitui\u00e7\u00e3o molecular, \u00e9 elemento que absorve e conduz a bioenergia que lhe \u00e9 ministrada. Quando magnetizada e ingerida produz efeitos org\u00e2nicos e compat\u00edveis com o flu\u00eddo de que se faz portadora.<\/p>\n<p><strong>Orienta\u00e7\u00f5es<\/strong><br \/>\nS\u00e3o recomenda\u00e7\u00f5es para as pessoas que est\u00e3o em assist\u00eancia espiritual na CELD.<\/p>\n<p><strong>Apoio Terap\u00eautico<\/strong><br \/>\nO grupo terap\u00eautico \u00e9 uma oportunidade de compartilhar, ouvir e ser ouvido, ajudar e ser ajudado. Atrav\u00e9s do trabalho em grupo desenvolve habilidades de comunica\u00e7\u00e3o, assertividade, discute quest\u00f5es ligadas aos temas como relacionamentos, sa\u00fade, prosperidade, depress\u00e3o, medo, tristeza, ansiedade, inseguran\u00e7a, sempre respeitando as diferen\u00e7as e a individualidade. O Grupo \u00e9 coordenado por uma psic\u00f3loga e um trabalhador da CELD, indicado pelo DAE.<\/p>\n<p>&nbsp;<\/p>\n","protected":false},"excerpt":{"rendered":"<p>\u00c1rea de Atendimento Espiritual &#8211; AAE Recep\u00e7\u00e3o na Casa Esp\u00edrita Entrevista Fraterna Explana\u00e7\u00e3o do Evangelho \u00e0 luz da Doutrina Esp\u00edrita Atendimento do Passe nos Lares, Hospitais, etc. Visita Fraterna Atendimento do Passe na CELD Implanta\u00e7\u00e3o do Culto no Lar Irradia\u00e7\u00e3o Magnetiza\u00e7\u00e3o da \u00c1gua Orienta\u00e7\u00f5es para Tratamento Espiritual Apoio Terap\u00eautico Recep\u00e7\u00e3o na Casa Esp\u00edrita A recep\u00e7\u00e3o <a class=\"more-link\" href=\"https:\/\/www.leondenis.org.br\/index.php\/area-de-atendimento-espiritual-aae\/\">Leia mais&#8230; &raquo;<\/a><\/p>\n","protected":false},"author":1,"featured_media":0,"parent":0,"menu_order":0,"comment_status":"closed","ping_status":"closed","template":"","meta":{"footnotes":""},"class_list":["post-353","page","type-page","status-publish","hentry"],"_links":{"self":[{"href":"https:\/\/www.leondenis.org.br\/index.php\/wp-json\/wp\/v2\/pages\/353","targetHints":{"allow":["GET"]}}],"collection":[{"href":"https:\/\/www.leondenis.org.br\/index.php\/wp-json\/wp\/v2\/pages"}],"about":[{"href":"https:\/\/www.leondenis.org.br\/index.php\/wp-json\/wp\/v2\/types\/page"}],"author":[{"embeddable":true,"href":"https:\/\/www.leondenis.org.br\/index.php\/wp-json\/wp\/v2\/users\/1"}],"replies":[{"embeddable":true,"href":"https:\/\/www.leondenis.org.br\/index.php\/wp-json\/wp\/v2\/comments?post=353"}],"version-history":[{"count":11,"href":"https:\/\/www.leondenis.org.br\/index.php\/wp-json\/wp\/v2\/pages\/353\/revisions"}],"predecessor-version":[{"id":1079,"href":"https:\/\/www.leondenis.org.br\/index.php\/wp-json\/wp\/v2\/pages\/353\/revisions\/1079"}],"wp:attachment":[{"href":"https:\/\/www.leondenis.org.br\/index.php\/wp-json\/wp\/v2\/media?parent=353"}],"curies":[{"name":"wp","href":"https:\/\/api.w.org\/{rel}","templated":true}]}}