{"id":313,"date":"2019-05-28T08:32:09","date_gmt":"2019-05-28T11:32:09","guid":{"rendered":"https:\/\/www.leondenis.org.br\/?page_id=313"},"modified":"2019-06-02T12:29:35","modified_gmt":"2019-06-02T15:29:35","slug":"obras-postumas","status":"publish","type":"page","link":"https:\/\/www.leondenis.org.br\/index.php\/obras-postumas\/","title":{"rendered":"Obras P\u00f3stumas\u00a0"},"content":{"rendered":"<p><a href=\"http:\/\/www.feees.org.br\/adm\/arquivos\/ObrasPostumas_37.pdf\" target=\"_blank\" rel=\"noopener noreferrer\"><img loading=\"lazy\" decoding=\"async\" class=\"size-full wp-image-314 alignleft\" src=\"https:\/\/www.leondenis.org.br\/wp-content\/uploads\/2019\/05\/obraspostumas.jpg\" alt=\"\" width=\"159\" height=\"240\" \/><\/a><b>Obras P\u00f3stumas<\/b>\u00a0(em\u00a0<a title=\"L\u00edngua francesa\" href=\"https:\/\/pt.wikipedia.org\/wiki\/L%C3%ADngua_francesa\">franc\u00eas<\/a>\u00a0&#8220;<i>\u0152uvres Posthumes<\/i>&#8220;) , \u00e9 um livro\u00a0<a class=\"mw-redirect\" title=\"Doutrina esp\u00edrita\" href=\"https:\/\/pt.wikipedia.org\/wiki\/Doutrina_esp%C3%ADrita\">esp\u00edrita<\/a>\u00a0<a title=\"Fran\u00e7a\" href=\"https:\/\/pt.wikipedia.org\/wiki\/Fran%C3%A7a\">franc\u00eas<\/a>. Trata-se de uma compila\u00e7\u00e3o de escritos do Codificador da\u00a0<a class=\"mw-redirect\" title=\"Doutrina Esp\u00edrita\" href=\"https:\/\/pt.wikipedia.org\/wiki\/Doutrina_Esp%C3%ADrita\">Doutrina Esp\u00edrita<\/a>,\u00a0<a title=\"Allan Kardec\" href=\"https:\/\/pt.wikipedia.org\/wiki\/Allan_Kardec\">Allan Kardec<\/a>, lan\u00e7ada postumamente em\u00a0<a title=\"Paris\" href=\"https:\/\/pt.wikipedia.org\/wiki\/Paris\">Paris<\/a>, em janeiro de\u00a0<a title=\"1890\" href=\"https:\/\/pt.wikipedia.org\/wiki\/1890\">1890<\/a>, pelos dirigentes da\u00a0<a class=\"new\" title=\"Sociedade Parisiense de Estudos Esp\u00edritas (p\u00e1gina n\u00e3o existe)\" href=\"https:\/\/pt.wikipedia.org\/w\/index.php?title=Sociedade_Parisiense_de_Estudos_Esp%C3%ADritas&amp;action=edit&amp;redlink=1\">Sociedade Parisiense de Estudos Esp\u00edritas<\/a>. A\u00a0<a title=\"Ep\u00edgrafe\" href=\"https:\/\/pt.wikipedia.org\/wiki\/Ep%C3%ADgrafe\">ep\u00edgrafe<\/a>\u00a0da obra reza:\u00a0<i>&#8220;\u00c9 preciso propagar a\u00a0<a title=\"Moral\" href=\"https:\/\/pt.wikipedia.org\/wiki\/Moral\">Moral<\/a>\u00a0e a\u00a0<a title=\"Verdade\" href=\"https:\/\/pt.wikipedia.org\/wiki\/Verdade\">Verdade<\/a>&#8220;<\/i>. \u00c9 a segunda das duas obras complementares sobre a\u00a0<a class=\"mw-redirect\" title=\"Doutrina Esp\u00edrita\" href=\"https:\/\/pt.wikipedia.org\/wiki\/Doutrina_Esp%C3%ADrita\">Doutrina Esp\u00edrita<\/a>.<\/p>\n<p><span id=\"Conte.C3.BAdo\"><\/span><strong><span id=\"Conte\u00fado\" class=\"mw-headline\">Conte\u00fado<\/span><\/strong><\/p>\n<p>A obra transcreve uma\u00a0<a title=\"Biografia\" href=\"https:\/\/pt.wikipedia.org\/wiki\/Biografia\">biografia<\/a>\u00a0de Kardec publicada originalmente na &#8220;<i><a title=\"Revue Spirite\" href=\"https:\/\/pt.wikipedia.org\/wiki\/Revue_Spirite\">Revue Spirite<\/a><\/i>&#8220;, assim como o\u00a0<a title=\"Discurso\" href=\"https:\/\/pt.wikipedia.org\/wiki\/Discurso\">discurso<\/a>\u00a0proferido pelo\u00a0<a title=\"Astr\u00f4nomo\" href=\"https:\/\/pt.wikipedia.org\/wiki\/Astr%C3%B4nomo\">astr\u00f4nomo <\/a><a title=\"Camille Flammarion\" href=\"https:\/\/pt.wikipedia.org\/wiki\/Camille_Flammarion\">Camille Flammarion<\/a>\u00a0no sepultamento daquele.<\/p>\n<p>Dividida em duas partes grandes e heterog\u00eaneas, cont\u00e9m diversos artigos escritos por Kardec que n\u00e3o haviam sido publicados, fosse por falta de\u00a0<a title=\"Tempo\" href=\"https:\/\/pt.wikipedia.org\/wiki\/Tempo\">tempo<\/a>\u00a0h\u00e1bil, fosse por n\u00e3o representarem mais, com o passar dos\u00a0<a title=\"Ano\" href=\"https:\/\/pt.wikipedia.org\/wiki\/Ano\">anos<\/a>, uma\u00a0<a class=\"mw-disambig\" title=\"Express\u00e3o\" href=\"https:\/\/pt.wikipedia.org\/wiki\/Express%C3%A3o\">express\u00e3o<\/a>\u00a0fiel de seu\u00a0<a title=\"Pensamento\" href=\"https:\/\/pt.wikipedia.org\/wiki\/Pensamento\">pensamento<\/a>. Al\u00e9m deles, h\u00e1 ainda a\u00a0<a class=\"mw-disambig\" title=\"Transcri\u00e7\u00e3o\" href=\"https:\/\/pt.wikipedia.org\/wiki\/Transcri%C3%A7%C3%A3o\">transcri\u00e7\u00e3o<\/a>\u00a0de v\u00e1rias\u00a0<a title=\"Mediunidade\" href=\"https:\/\/pt.wikipedia.org\/wiki\/Mediunidade\">comunica\u00e7\u00f5es medi\u00fanicas<\/a>\u00a0ocorridas em reuni\u00f5es em que Kardec tomou parte.<\/p>\n<p>O conte\u00fado geral da obra \u00e9 bastante esclarecedor a respeito do\u00a0<a class=\"mw-redirect\" title=\"Ponto de vista\" href=\"https:\/\/pt.wikipedia.org\/wiki\/Ponto_de_vista\">ponto de vista<\/a>\u00a0do Codificador acerca de variados\u00a0<a class=\"mw-disambig\" title=\"Tema\" href=\"https:\/\/pt.wikipedia.org\/wiki\/Tema\">temas<\/a>\u00a0de ordem filos\u00f3fica,\u00a0<a title=\"Moral\" href=\"https:\/\/pt.wikipedia.org\/wiki\/Moral\">moral<\/a>\u00a0e religiosa. Alguns assuntos abordados s\u00e3o a\u00a0<a title=\"M\u00fasica\" href=\"https:\/\/pt.wikipedia.org\/wiki\/M%C3%BAsica\">m\u00fasica<\/a>\u00a0celeste, a\u00a0<a title=\"Natureza\" href=\"https:\/\/pt.wikipedia.org\/wiki\/Natureza\">natureza<\/a>\u00a0do\u00a0<a title=\"Cristo\" href=\"https:\/\/pt.wikipedia.org\/wiki\/Cristo\">Cristo<\/a>, o\u00a0<a title=\"Conhecimento\" href=\"https:\/\/pt.wikipedia.org\/wiki\/Conhecimento\">conhecimento<\/a>\u00a0do\u00a0<a title=\"Futuro\" href=\"https:\/\/pt.wikipedia.org\/wiki\/Futuro\">futuro<\/a>, as manifesta\u00e7\u00f5es dos\u00a0<a title=\"Esp\u00edrito\" href=\"https:\/\/pt.wikipedia.org\/wiki\/Esp%C3%ADrito\">Esp\u00edritos<\/a>,\u00a0<a title=\"Fotografia\" href=\"https:\/\/pt.wikipedia.org\/wiki\/Fotografia\">fotografia<\/a>\u00a0e\u00a0<a title=\"Telegrafia\" href=\"https:\/\/pt.wikipedia.org\/wiki\/Telegrafia\">telegrafia<\/a>\u00a0do\u00a0<a title=\"Pensamento\" href=\"https:\/\/pt.wikipedia.org\/wiki\/Pensamento\">pensamento<\/a>.<\/p>\n<p><strong><span id=\"Primeira_Parte\" class=\"mw-headline\">Primeira Parte<\/span><\/strong><\/p>\n<p>A primeira parte da compila\u00e7\u00e3o \u00e9 dedicada a uma s\u00e9rie de artigos escritos por Allan Kardec em\u00a0<a class=\"mw-disambig\" title=\"\u00c9poca\" href=\"https:\/\/pt.wikipedia.org\/wiki\/%C3%89poca\">\u00e9pocas<\/a>\u00a0bastante diferentes. Constam nessa por\u00e7\u00e3o da obra an\u00e1lises acerca das manifesta\u00e7\u00f5es dos Esp\u00edritos, incluindo temas como\u00a0<a title=\"Perisp\u00edrito\" href=\"https:\/\/pt.wikipedia.org\/wiki\/Perisp%C3%ADrito\">perisp\u00edrito<\/a>, transfigura\u00e7\u00f5es,\u00a0<a title=\"Sonambulismo\" href=\"https:\/\/pt.wikipedia.org\/wiki\/Sonambulismo\">sonambulismo <\/a>e\u00a0<a title=\"Telepatia\" href=\"https:\/\/pt.wikipedia.org\/wiki\/Telepatia\">telepatia<\/a>, e sobre temas sociais e filos\u00f3ficos, a exemplo do\u00a0<i>Estudo sobre a natureza do Cristo<\/i>\u00a0e dos ensaios\u00a0<i>As cinco alternativas da Humanidade<\/i>\u00a0e\u00a0<i>Liberdade, Igualdade, Fraternidade<\/i>.<\/p>\n<p><strong><span id=\"Segunda_Parte\" class=\"mw-headline\">Segunda Parte<\/span><\/strong><\/p>\n<p>J\u00e1 na segunda parte da obra consta uma s\u00e9rie de transcri\u00e7\u00f5es de reuni\u00f5es medi\u00fanicas nas quais Kardec tomou parte, que versaram basicamente sobre o desenvolvimento das ideias esp\u00edritas, sua divulga\u00e7\u00e3o e sua influ\u00eancia nas\u00a0<a title=\"Sociedade\" href=\"https:\/\/pt.wikipedia.org\/wiki\/Sociedade\">sociedades<\/a>\u00a0europeias. H\u00e1 diversas notas de Kardec explicando o\u00a0<a title=\"Contexto\" href=\"https:\/\/pt.wikipedia.org\/wiki\/Contexto\">contexto<\/a>\u00a0em que se estabeleceram as comunica\u00e7\u00f5es, o que, somado ao ordenamento cronol\u00f3gico em que j\u00e1 se achavam organizados os\u00a0<a title=\"\" href=\"https:\/\/pt.wikipedia.org\/wiki\/Texto\">textos<\/a>, d\u00e1 margem \u00e0\u00a0<a title=\"Ideia\" href=\"https:\/\/pt.wikipedia.org\/wiki\/Ideia\">ideia<\/a>\u00a0de que se tratava de uma nova obra que vinha sendo compilada pelo Codificador do Espiritismo.<\/p>\n<p style=\"text-align: right;\">Fonte: Wikipedia<\/p>\n","protected":false},"excerpt":{"rendered":"<p>Obras P\u00f3stumas\u00a0(em\u00a0franc\u00eas\u00a0&#8220;\u0152uvres Posthumes&#8220;) , \u00e9 um livro\u00a0esp\u00edrita\u00a0franc\u00eas. Trata-se de uma compila\u00e7\u00e3o de escritos do Codificador da\u00a0Doutrina Esp\u00edrita,\u00a0Allan Kardec, lan\u00e7ada postumamente em\u00a0Paris, em janeiro de\u00a01890, pelos dirigentes da\u00a0Sociedade Parisiense de Estudos Esp\u00edritas. A\u00a0ep\u00edgrafe\u00a0da obra reza:\u00a0&#8220;\u00c9 preciso propagar a\u00a0Moral\u00a0e a\u00a0Verdade&#8220;. \u00c9 a segunda das duas obras complementares sobre a\u00a0Doutrina Esp\u00edrita. Conte\u00fado A obra transcreve uma\u00a0biografia\u00a0de Kardec publicada <a class=\"more-link\" href=\"https:\/\/www.leondenis.org.br\/index.php\/obras-postumas\/\">Leia mais&#8230; &raquo;<\/a><\/p>\n","protected":false},"author":1,"featured_media":0,"parent":0,"menu_order":0,"comment_status":"closed","ping_status":"closed","template":"","meta":{"footnotes":""},"class_list":["post-313","page","type-page","status-publish","hentry"],"_links":{"self":[{"href":"https:\/\/www.leondenis.org.br\/index.php\/wp-json\/wp\/v2\/pages\/313","targetHints":{"allow":["GET"]}}],"collection":[{"href":"https:\/\/www.leondenis.org.br\/index.php\/wp-json\/wp\/v2\/pages"}],"about":[{"href":"https:\/\/www.leondenis.org.br\/index.php\/wp-json\/wp\/v2\/types\/page"}],"author":[{"embeddable":true,"href":"https:\/\/www.leondenis.org.br\/index.php\/wp-json\/wp\/v2\/users\/1"}],"replies":[{"embeddable":true,"href":"https:\/\/www.leondenis.org.br\/index.php\/wp-json\/wp\/v2\/comments?post=313"}],"version-history":[{"count":4,"href":"https:\/\/www.leondenis.org.br\/index.php\/wp-json\/wp\/v2\/pages\/313\/revisions"}],"predecessor-version":[{"id":622,"href":"https:\/\/www.leondenis.org.br\/index.php\/wp-json\/wp\/v2\/pages\/313\/revisions\/622"}],"wp:attachment":[{"href":"https:\/\/www.leondenis.org.br\/index.php\/wp-json\/wp\/v2\/media?parent=313"}],"curies":[{"name":"wp","href":"https:\/\/api.w.org\/{rel}","templated":true}]}}