{"id":30,"date":"2019-05-22T08:33:53","date_gmt":"2019-05-22T11:33:53","guid":{"rendered":"https:\/\/www.leondenis.org.br\/?page_id=30"},"modified":"2019-07-06T08:58:44","modified_gmt":"2019-07-06T11:58:44","slug":"institucional","status":"publish","type":"page","link":"https:\/\/www.leondenis.org.br\/index.php\/institucional\/","title":{"rendered":"CELD 30 anos"},"content":{"rendered":"\r\n<figure class=\"wp-block-image\">Como <strong>marco inicial<\/strong> das comemora\u00e7\u00f5es de 30 anos da Comunidade Esp\u00edrita L\u00e9on Denis, a trabalhadora Roberta Sim\u00f5es, da \u00c1rea de Comunica\u00e7\u00e3o Social Esp\u00edrita da casa, elabora o &#8220;<strong>Selo 30 Anos da CELD<\/strong>&#8220;. Confira a seguir. <img loading=\"lazy\" decoding=\"async\" width=\"1024\" height=\"600\" class=\"wp-image-235\" src=\"https:\/\/www.leondenis.org.br\/wp-content\/uploads\/2019\/05\/celd_30anos-2-1024x600.png\" alt=\"\" srcset=\"https:\/\/www.leondenis.org.br\/wp-content\/uploads\/2019\/05\/celd_30anos-2.png 1024w, https:\/\/www.leondenis.org.br\/wp-content\/uploads\/2019\/05\/celd_30anos-2-300x176.png 300w, https:\/\/www.leondenis.org.br\/wp-content\/uploads\/2019\/05\/celd_30anos-2-768x450.png 768w\" sizes=\"auto, (max-width: 1024px) 100vw, 1024px\" \/><\/figure>\r\n<p>&nbsp;<\/p>\r\n<hr \/>\r\n<p>Apresenta\u00e7\u00e3o do <strong>Coral Renascer da Feees<\/strong>, sob a Reg\u00eancia da Sra. Paula Galama, emocionou o p\u00fablico presente na noite do dia <strong>31\/05\/2019 na CELD<\/strong>, em comemora\u00e7\u00e3o aos seus <strong>30 anos<\/strong>. Veja os v\u00eddeos:<\/p>\r\n<ul>\r\n<li><a href=\"https:\/\/drive.google.com\/file\/d\/1XM4_nywydrmxd0kUiakUoEim23CtnnCN\/view?usp=sharing\" target=\"_blank\" rel=\"noopener noreferrer\">Vem Jesus<\/a><\/li>\r\n<li><a href=\"https:\/\/drive.google.com\/file\/d\/1wQh4ciMD8yabrvhY2ML42p0hKYLRcrsS\/view?usp=sharing\">Aleluia<\/a><\/li>\r\n<li><a href=\"https:\/\/drive.google.com\/file\/d\/1MJJfczNp3kXWCcJBd7HppZTyyobzaWaZ\/view?usp=sharing\" target=\"_blank\" rel=\"noopener noreferrer\">Ora\u00e7\u00e3o de S\u00e3o Francisco de Assis<\/a><\/li>\r\n<li><a href=\"https:\/\/drive.google.com\/file\/d\/1EZvMf8GAK0ruOr3BJIEIl0_IxdIABj4v\/view?usp=sharing\" target=\"_blank\" rel=\"noopener noreferrer\">Ave Maria<\/a><\/li>\r\n<\/ul>\r\n<hr \/>\r\n<p>Como parte dos eventos de comemora\u00e7\u00e3o do <strong>30\u00ba anivers\u00e1rio da Comunidade Esp\u00edrita L\u00e9on Denis &#8211; CELD<\/strong>, hoje (02\/06\/2019) estamos lan\u00e7ando nosso<strong> novo site (http:\/\/www.leondenis.org.br\/)<\/strong>, com\u00a0 informa\u00e7\u00f5es institucionais, mat\u00e9rias sobre o Espiritismo e sobre a comunidade Esp\u00edrita, dicas de livros, eventos e materiais diversos para serem compartilhados e estudados.<\/p>\r\n<hr \/>\r\n<p style=\"text-align: left;\">Neste m\u00eas de <strong>julho\/2019<\/strong> o tema central das <strong>palestras p\u00fablicas<\/strong> da Comunidade Esp\u00edrita L\u00e9on Denis ser\u00e1 \u201c<strong>Homenagem a L\u00e9on Denis<\/strong>\u201d. Os eventos fazem parte das a\u00e7\u00f5es de comemora\u00e7\u00e3o de 30 anos da casa. As palestras ocorrem sempre nas sextas-feiras, \u00e0s 20 horas.<\/p>\r\n<ul>\r\n<li style=\"text-align: left;\"><a href=\"https:\/\/www.leondenis.org.br\/index.php\/2019\/06\/30\/palestras-publicas-da-comunidade-espirita-leon-denis-julho-2019\/\">Veja aqui os t\u00edtulos, expositores e datas<\/a>.<\/li>\r\n<\/ul>\r\n<hr \/>\r\n<h3>Veja tamb\u00e9m:<\/h3>\r\n<ul>\r\n<li><a href=\"https:\/\/www.leondenis.org.br\/index.php\/institucional-2\/\">Institucional<\/a><\/li>\r\n<li><a href=\"https:\/\/www.leondenis.org.br\/index.php\/areas-estrategicas\/\">\u00c1reas Estrat\u00e9gicas da CELD<\/a><\/li>\r\n<li><a href=\"https:\/\/www.leondenis.org.br\/index.php\/institucional\/\">CELD 30 anos<\/a><\/li>\r\n<li><a href=\"https:\/\/www.leondenis.org.br\/index.php\/endereco-da-celd\/\">Fale conosco<\/a><\/li>\r\n<li><a href=\"https:\/\/www.leondenis.org.br\/index.php\/horario-das-atividades\/\">Hor\u00e1rio das Atividades<\/a><\/li>\r\n<li><a href=\"https:\/\/www.leondenis.org.br\/index.php\/palestras\/\">Palestras do m\u00eas<\/a><\/li>\r\n<\/ul>\r\n","protected":false},"excerpt":{"rendered":"","protected":false},"author":1,"featured_media":69,"parent":0,"menu_order":0,"comment_status":"closed","ping_status":"closed","template":"","meta":{"footnotes":""},"class_list":["post-30","page","type-page","status-publish","has-post-thumbnail","hentry"],"_links":{"self":[{"href":"https:\/\/www.leondenis.org.br\/index.php\/wp-json\/wp\/v2\/pages\/30","targetHints":{"allow":["GET"]}}],"collection":[{"href":"https:\/\/www.leondenis.org.br\/index.php\/wp-json\/wp\/v2\/pages"}],"about":[{"href":"https:\/\/www.leondenis.org.br\/index.php\/wp-json\/wp\/v2\/types\/page"}],"author":[{"embeddable":true,"href":"https:\/\/www.leondenis.org.br\/index.php\/wp-json\/wp\/v2\/users\/1"}],"replies":[{"embeddable":true,"href":"https:\/\/www.leondenis.org.br\/index.php\/wp-json\/wp\/v2\/comments?post=30"}],"version-history":[{"count":25,"href":"https:\/\/www.leondenis.org.br\/index.php\/wp-json\/wp\/v2\/pages\/30\/revisions"}],"predecessor-version":[{"id":1036,"href":"https:\/\/www.leondenis.org.br\/index.php\/wp-json\/wp\/v2\/pages\/30\/revisions\/1036"}],"wp:featuredmedia":[{"embeddable":true,"href":"https:\/\/www.leondenis.org.br\/index.php\/wp-json\/wp\/v2\/media\/69"}],"wp:attachment":[{"href":"https:\/\/www.leondenis.org.br\/index.php\/wp-json\/wp\/v2\/media?parent=30"}],"curies":[{"name":"wp","href":"https:\/\/api.w.org\/{rel}","templated":true}]}}