{"id":209,"date":"2019-05-27T08:43:48","date_gmt":"2019-05-27T11:43:48","guid":{"rendered":"https:\/\/www.leondenis.org.br\/?page_id=209"},"modified":"2020-12-01T21:46:40","modified_gmt":"2020-12-02T00:46:40","slug":"biblioteca-da-celd","status":"publish","type":"page","link":"https:\/\/www.leondenis.org.br\/index.php\/biblioteca-da-celd\/","title":{"rendered":"Biblioteca"},"content":{"rendered":"\r\n<div class=\"wp-block-image\">\r\n<figure class=\"alignleft is-resized\">\r\n<div id=\"attachment_210\" style=\"width: 313px\" class=\"wp-caption alignleft\"><img loading=\"lazy\" decoding=\"async\" aria-describedby=\"caption-attachment-210\" class=\"wp-image-210\" src=\"https:\/\/www.leondenis.org.br\/wp-content\/uploads\/2019\/05\/biblioteca.jpg\" alt=\"\" width=\"303\" height=\"200\" srcset=\"https:\/\/www.leondenis.org.br\/wp-content\/uploads\/2019\/05\/biblioteca.jpg 460w, https:\/\/www.leondenis.org.br\/wp-content\/uploads\/2019\/05\/biblioteca-300x199.jpg 300w\" sizes=\"auto, (max-width: 303px) 100vw, 303px\" \/><p id=\"caption-attachment-210\" class=\"wp-caption-text\"><strong>\u00a0 \u00a0 Coordenadora:<\/strong> Ana Maria<\/p><\/div>\r\n<p>&nbsp;<\/p>\r\n\r\n<\/figure>\r\n<\/div>\r\n\r\n\r\n\r\n<p>A primeira biblioteca do mundo foi erguida em N\u00ednive, a cidade mais importante da Ass\u00edria (atual Iraque), pelo rei Assurbanipal II, por volta do s\u00e9culo 7 a.C. Nela, foram armazenadas milhares de tabuletas escritas com caracteres cuneiformes, a mais antiga forma de escrita que se conhece.\u00a0<\/p>\r\n<p>Os ass\u00edrios eram principalmente guerreiros, mas davam muita import\u00e2ncia \u00e0 preserva\u00e7\u00e3o de arquivos, relat\u00f3rios e documentos. Estes, por sua vez, eram gravados em placas de barro, pois o papel somente iria surgir muito mais tarde.<\/p>\r\n\r\n\r\n\r\n<p>Hoje, elas est\u00e3o espalhadas no mundo inteiro, possibilitando muito conhecimento. Nos centros esp\u00edritas n\u00e3o \u00e9 diferente, visto fazerem parte de um programa pedag\u00f3gico, social e cultural.<\/p>\r\n\r\n\r\n\r\n\r\n\r\n<p style=\"text-align: right;\">Fonte: http:\/\/www.correioespirita.org.br<\/p>\r\n<hr \/>\r\n<h3><strong>Biblioteca &#8220;Hugo Azevedo e Silva&#8221;<\/strong><\/h3>\r\n<p>Fa\u00e7a sua <a href=\"http:\/\/www.acnet.inf.br:8080\/SdcZkCELD\/pesquisa.zul\" target=\"_blank\" rel=\"noopener noreferrer\">pesquisa no acervo da biblioteca<\/a><\/p>\r\n<p><a href=\"https:\/\/www.acinformatica.com.br\/SdcZkCELD\/\" target=\"_blank\" rel=\"noopener noreferrer\"><img loading=\"lazy\" decoding=\"async\" class=\"alignnone size-full wp-image-1159 alignright\" src=\"https:\/\/www.leondenis.org.br\/wp-content\/uploads\/2019\/09\/sisdoc_logo.jpg\" alt=\"\" width=\"30\" height=\"38\" \/><\/a><\/p>","protected":false},"excerpt":{"rendered":"<p>A primeira biblioteca do mundo foi erguida em N\u00ednive, a cidade mais importante da Ass\u00edria (atual Iraque), pelo rei Assurbanipal II, por volta do s\u00e9culo 7 a.C. Nela, foram armazenadas milhares de tabuletas escritas com caracteres cuneiformes, a mais antiga forma de escrita que se conhece.\u00a0 Os ass\u00edrios eram principalmente guerreiros, mas davam muita import\u00e2ncia <a class=\"more-link\" href=\"https:\/\/www.leondenis.org.br\/index.php\/biblioteca-da-celd\/\">Leia mais&#8230; &raquo;<\/a><\/p>\n","protected":false},"author":1,"featured_media":210,"parent":0,"menu_order":0,"comment_status":"closed","ping_status":"closed","template":"","meta":{"footnotes":""},"class_list":["post-209","page","type-page","status-publish","has-post-thumbnail","hentry"],"_links":{"self":[{"href":"https:\/\/www.leondenis.org.br\/index.php\/wp-json\/wp\/v2\/pages\/209","targetHints":{"allow":["GET"]}}],"collection":[{"href":"https:\/\/www.leondenis.org.br\/index.php\/wp-json\/wp\/v2\/pages"}],"about":[{"href":"https:\/\/www.leondenis.org.br\/index.php\/wp-json\/wp\/v2\/types\/page"}],"author":[{"embeddable":true,"href":"https:\/\/www.leondenis.org.br\/index.php\/wp-json\/wp\/v2\/users\/1"}],"replies":[{"embeddable":true,"href":"https:\/\/www.leondenis.org.br\/index.php\/wp-json\/wp\/v2\/comments?post=209"}],"version-history":[{"count":22,"href":"https:\/\/www.leondenis.org.br\/index.php\/wp-json\/wp\/v2\/pages\/209\/revisions"}],"predecessor-version":[{"id":1747,"href":"https:\/\/www.leondenis.org.br\/index.php\/wp-json\/wp\/v2\/pages\/209\/revisions\/1747"}],"wp:featuredmedia":[{"embeddable":true,"href":"https:\/\/www.leondenis.org.br\/index.php\/wp-json\/wp\/v2\/media\/210"}],"wp:attachment":[{"href":"https:\/\/www.leondenis.org.br\/index.php\/wp-json\/wp\/v2\/media?parent=209"}],"curies":[{"name":"wp","href":"https:\/\/api.w.org\/{rel}","templated":true}]}}