{"id":179,"date":"2019-05-26T19:37:36","date_gmt":"2019-05-26T22:37:36","guid":{"rendered":"https:\/\/www.leondenis.org.br\/?page_id=179"},"modified":"2019-06-02T19:14:25","modified_gmt":"2019-06-02T22:14:25","slug":"obras-basicas","status":"publish","type":"page","link":"https:\/\/www.leondenis.org.br\/index.php\/obras-basicas\/","title":{"rendered":"Obras b\u00e1sicas &#8211; Allan Kardec"},"content":{"rendered":"<p><em><\/em><\/p>\r\n<ul>\r\n<li><strong><a href=\"https:\/\/www.leondenis.org.br\/index.php\/o-livro-dos-espiritos\/\">O Livro do Esp\u00edrito<\/a><\/strong><\/li>\r\n<li><strong><a href=\"https:\/\/www.leondenis.org.br\/index.php\/o-evangelho-segundo-o-espiritismo\/\">O Evangelho Segundo o Espiritismo<\/a><\/strong><\/li>\r\n<li><strong><a href=\"https:\/\/www.leondenis.org.br\/index.php\/299-2\/\">O Livro dos M\u00e9diuns<\/a><\/strong><\/li>\r\n<li><strong><a href=\"https:\/\/www.leondenis.org.br\/index.php\/o-ceu-e-o-inferno\/\">O C\u00e9u e o Inferno<\/a><\/strong><\/li>\r\n<li><strong><a href=\"https:\/\/www.leondenis.org.br\/index.php\/308-2\/\">A G\u00eanese<\/a><\/strong><\/li>\r\n<li><strong><a href=\"https:\/\/www.leondenis.org.br\/index.php\/pagina-de-teste\/\">O Que \u00e9 o Espiritismo<\/a><\/strong><\/li>\r\n<li><strong><a href=\"https:\/\/www.leondenis.org.br\/index.php\/obras-postumas\/\">Obras P\u00f3stumas<\/a><\/strong><\/li>\r\n<\/ul>","protected":false},"excerpt":{"rendered":"<p>O Livro do Esp\u00edrito O Evangelho Segundo o Espiritismo O Livro dos M\u00e9diuns O C\u00e9u e o Inferno A G\u00eanese O Que \u00e9 o Espiritismo Obras P\u00f3stumas<\/p>\n","protected":false},"author":1,"featured_media":0,"parent":0,"menu_order":0,"comment_status":"closed","ping_status":"closed","template":"","meta":{"footnotes":""},"class_list":["post-179","page","type-page","status-publish","hentry"],"_links":{"self":[{"href":"https:\/\/www.leondenis.org.br\/index.php\/wp-json\/wp\/v2\/pages\/179","targetHints":{"allow":["GET"]}}],"collection":[{"href":"https:\/\/www.leondenis.org.br\/index.php\/wp-json\/wp\/v2\/pages"}],"about":[{"href":"https:\/\/www.leondenis.org.br\/index.php\/wp-json\/wp\/v2\/types\/page"}],"author":[{"embeddable":true,"href":"https:\/\/www.leondenis.org.br\/index.php\/wp-json\/wp\/v2\/users\/1"}],"replies":[{"embeddable":true,"href":"https:\/\/www.leondenis.org.br\/index.php\/wp-json\/wp\/v2\/comments?post=179"}],"version-history":[{"count":15,"href":"https:\/\/www.leondenis.org.br\/index.php\/wp-json\/wp\/v2\/pages\/179\/revisions"}],"predecessor-version":[{"id":667,"href":"https:\/\/www.leondenis.org.br\/index.php\/wp-json\/wp\/v2\/pages\/179\/revisions\/667"}],"wp:attachment":[{"href":"https:\/\/www.leondenis.org.br\/index.php\/wp-json\/wp\/v2\/media?parent=179"}],"curies":[{"name":"wp","href":"https:\/\/api.w.org\/{rel}","templated":true}]}}