{"id":1774,"date":"2021-03-12T14:47:15","date_gmt":"2021-03-12T17:47:15","guid":{"rendered":"https:\/\/www.leondenis.org.br\/?page_id=1774"},"modified":"2021-03-12T14:47:15","modified_gmt":"2021-03-12T17:47:15","slug":"calendario-da-evangelizacao-da-celd-marco-2021","status":"publish","type":"page","link":"https:\/\/www.leondenis.org.br\/index.php\/calendario-da-evangelizacao-da-celd-marco-2021\/","title":{"rendered":"Calend\u00e1rio da Evangeliza\u00e7\u00e3o da CELD (Mar\u00e7o\/2021)"},"content":{"rendered":"<p><img loading=\"lazy\" decoding=\"async\" class=\"alignnone size-large wp-image-1772\" src=\"https:\/\/www.leondenis.org.br\/wp-content\/uploads\/2021\/03\/WhatsApp-Image-2021-03-12-at-14.42.36-1-724x1024.jpeg\" alt=\"\" width=\"724\" height=\"1024\" srcset=\"https:\/\/www.leondenis.org.br\/wp-content\/uploads\/2021\/03\/WhatsApp-Image-2021-03-12-at-14.42.36-1-724x1024.jpeg 724w, https:\/\/www.leondenis.org.br\/wp-content\/uploads\/2021\/03\/WhatsApp-Image-2021-03-12-at-14.42.36-1-212x300.jpeg 212w, https:\/\/www.leondenis.org.br\/wp-content\/uploads\/2021\/03\/WhatsApp-Image-2021-03-12-at-14.42.36-1-768x1087.jpeg 768w, https:\/\/www.leondenis.org.br\/wp-content\/uploads\/2021\/03\/WhatsApp-Image-2021-03-12-at-14.42.36-1.jpeg 793w\" sizes=\"auto, (max-width: 724px) 100vw, 724px\" \/><\/p>\n","protected":false},"excerpt":{"rendered":"","protected":false},"author":2,"featured_media":0,"parent":0,"menu_order":0,"comment_status":"closed","ping_status":"closed","template":"","meta":{"footnotes":""},"class_list":["post-1774","page","type-page","status-publish","hentry"],"_links":{"self":[{"href":"https:\/\/www.leondenis.org.br\/index.php\/wp-json\/wp\/v2\/pages\/1774","targetHints":{"allow":["GET"]}}],"collection":[{"href":"https:\/\/www.leondenis.org.br\/index.php\/wp-json\/wp\/v2\/pages"}],"about":[{"href":"https:\/\/www.leondenis.org.br\/index.php\/wp-json\/wp\/v2\/types\/page"}],"author":[{"embeddable":true,"href":"https:\/\/www.leondenis.org.br\/index.php\/wp-json\/wp\/v2\/users\/2"}],"replies":[{"embeddable":true,"href":"https:\/\/www.leondenis.org.br\/index.php\/wp-json\/wp\/v2\/comments?post=1774"}],"version-history":[{"count":1,"href":"https:\/\/www.leondenis.org.br\/index.php\/wp-json\/wp\/v2\/pages\/1774\/revisions"}],"predecessor-version":[{"id":1775,"href":"https:\/\/www.leondenis.org.br\/index.php\/wp-json\/wp\/v2\/pages\/1774\/revisions\/1775"}],"wp:attachment":[{"href":"https:\/\/www.leondenis.org.br\/index.php\/wp-json\/wp\/v2\/media?parent=1774"}],"curies":[{"name":"wp","href":"https:\/\/api.w.org\/{rel}","templated":true}]}}

Calendário da Evangelização da CELD (Março/2021)
