{"id":1419,"date":"2020-05-06T19:03:18","date_gmt":"2020-05-06T22:03:18","guid":{"rendered":"https:\/\/www.leondenis.org.br\/?page_id=1419"},"modified":"2020-05-06T19:03:30","modified_gmt":"2020-05-06T22:03:30","slug":"1419-2","status":"publish","type":"page","link":"https:\/\/www.leondenis.org.br\/index.php\/1419-2\/","title":{"rendered":"ESDE-EaD das quartas-Feiras (por videoconfer\u00eancia)"},"content":{"rendered":"<p><strong>Para participar dos ESDE-EaD das quartas-Feiras (por videoconfer\u00eancia):<\/strong><\/p>\n<p><strong>1 &#8211; Utilizando o computador:<\/strong><br \/>\n1.1- Abra o navegador de Internet (Chrome ou Firefox);<br \/>\n1.2- Digite o endere\u00e7o:\u00a0 <a href=\"https:\/\/meet.jit.si\/Celd\">https:\/\/meet.jit.si\/Celd<\/a><\/p>\n<p><strong>2 &#8211; Utilizando o celular ou tablet:<\/strong><\/p>\n<p><strong>2.1- Android (Samsung, LG, etc):<\/strong><br \/>\n2.1.1- instale o App da CELD (na Google Store procure por \u201cCELD\u201d ou<br \/>\n\u201cComunidade Esp\u00edrita L\u00e9on Denis\u201d).<br \/>\n2.1.2- O link para Videoconfer\u00eancia est\u00e1 na p\u00e1gina inicial do App. Basta clicar, selecionar ESDE-EaD, autorizar a Instala\u00e7\u00e3o do aplicativo Jitsi e entrar na palestra.<\/p>\n<p><strong>2.2- Apple (iPhone\/iPad):<\/strong><br \/>\n2.2.1- Abra o navegador de Internet;<br \/>\n2.2.2- Digite o endere\u00e7o: <a href=\"https:\/\/meet.jit.si\/Celd\">https:\/\/meet.jit.si\/Celd<\/a><br \/>\n2.2.3- Autorize a instala\u00e7\u00e3o do aplicativo Jitsi e a seguir entre novamente nos link acima (da sala).<\/p>\n<p>&nbsp;<\/p>\n","protected":false},"excerpt":{"rendered":"<p>Para participar dos ESDE-EaD das quartas-Feiras (por videoconfer\u00eancia): 1 &#8211; Utilizando o computador: 1.1- Abra o navegador de Internet (Chrome ou Firefox); 1.2- Digite o endere\u00e7o:\u00a0 https:\/\/meet.jit.si\/Celd 2 &#8211; Utilizando o celular ou tablet: 2.1- Android (Samsung, LG, etc): 2.1.1- instale o App da CELD (na Google Store procure por \u201cCELD\u201d ou \u201cComunidade Esp\u00edrita L\u00e9on <a class=\"more-link\" href=\"https:\/\/www.leondenis.org.br\/index.php\/1419-2\/\">Leia mais&#8230; &raquo;<\/a><\/p>\n","protected":false},"author":1,"featured_media":0,"parent":0,"menu_order":0,"comment_status":"closed","ping_status":"closed","template":"","meta":{"footnotes":""},"class_list":["post-1419","page","type-page","status-publish","hentry"],"_links":{"self":[{"href":"https:\/\/www.leondenis.org.br\/index.php\/wp-json\/wp\/v2\/pages\/1419","targetHints":{"allow":["GET"]}}],"collection":[{"href":"https:\/\/www.leondenis.org.br\/index.php\/wp-json\/wp\/v2\/pages"}],"about":[{"href":"https:\/\/www.leondenis.org.br\/index.php\/wp-json\/wp\/v2\/types\/page"}],"author":[{"embeddable":true,"href":"https:\/\/www.leondenis.org.br\/index.php\/wp-json\/wp\/v2\/users\/1"}],"replies":[{"embeddable":true,"href":"https:\/\/www.leondenis.org.br\/index.php\/wp-json\/wp\/v2\/comments?post=1419"}],"version-history":[{"count":2,"href":"https:\/\/www.leondenis.org.br\/index.php\/wp-json\/wp\/v2\/pages\/1419\/revisions"}],"predecessor-version":[{"id":1422,"href":"https:\/\/www.leondenis.org.br\/index.php\/wp-json\/wp\/v2\/pages\/1419\/revisions\/1422"}],"wp:attachment":[{"href":"https:\/\/www.leondenis.org.br\/index.php\/wp-json\/wp\/v2\/media?parent=1419"}],"curies":[{"name":"wp","href":"https:\/\/api.w.org\/{rel}","templated":true}]}}